Last updated on 2019-04-22 01:47:43 CEST.
Flavor | Version | Tinstall | Tcheck | Ttotal | Status | Flags |
---|---|---|---|---|---|---|
r-devel-linux-x86_64-debian-clang | 0.7.3 | 61.56 | 78.39 | 139.95 | OK | |
r-devel-linux-x86_64-debian-gcc | 0.7.3 | 52.18 | 61.82 | 114.00 | OK | |
r-devel-linux-x86_64-fedora-clang | 0.7.3 | 195.86 | NOTE | |||
r-devel-linux-x86_64-fedora-gcc | 0.7.3 | 187.49 | OK | |||
r-devel-windows-ix86+x86_64 | 0.7.3 | 133.00 | 125.00 | 258.00 | OK | |
r-patched-linux-x86_64 | 0.7.3 | 60.24 | 78.61 | 138.85 | OK | |
r-patched-solaris-x86 | 0.7.3 | 183.00 | OK | |||
r-release-linux-x86_64 | 0.7.3 | 61.50 | 74.90 | 136.40 | OK | |
r-release-windows-ix86+x86_64 | 0.7.3 | 105.00 | 147.00 | 252.00 | OK | |
r-release-osx-x86_64 | 0.7.3 | NOTE | ||||
r-oldrel-windows-ix86+x86_64 | 0.7.3 | 147.00 | 179.00 | 326.00 | OK | |
r-oldrel-osx-x86_64 | 0.7.3 | NOTE |
Version: 0.7.3
Check: installed package size
Result: NOTE
installed size is 8.6Mb
sub-directories of 1Mb or more:
libs 7.3Mb
Flavors: r-devel-linux-x86_64-fedora-clang, r-release-osx-x86_64, r-oldrel-osx-x86_64