CRAN Package Check Results for Package isdparser

Last updated on 2019-04-22 01:47:44 CEST.

Flavor Version Tinstall Tcheck Ttotal Status Flags
r-devel-linux-x86_64-debian-clang 0.3.0 2.67 70.90 73.57 OK
r-devel-linux-x86_64-debian-gcc 0.3.0 2.32 49.90 52.22 OK
r-devel-linux-x86_64-fedora-clang 0.3.0 84.05 NOTE
r-devel-linux-x86_64-fedora-gcc 0.3.0 81.90 NOTE
r-devel-windows-ix86+x86_64 0.3.0 9.00 76.00 85.00 OK
r-patched-linux-x86_64 0.3.0 2.18 66.96 69.14 OK
r-patched-solaris-x86 0.3.0 115.50 NOTE
r-release-linux-x86_64 0.3.0 1.84 63.64 65.48 OK
r-release-windows-ix86+x86_64 0.3.0 4.00 102.00 106.00 OK
r-release-osx-x86_64 0.3.0 NOTE
r-oldrel-windows-ix86+x86_64 0.3.0 3.00 111.00 114.00 OK
r-oldrel-osx-x86_64 0.3.0 NOTE

Check Details

Version: 0.3.0
Check: data for non-ASCII characters
Result: NOTE
     Note: found 104 marked UTF-8 strings
Flavors: r-devel-linux-x86_64-fedora-clang, r-devel-linux-x86_64-fedora-gcc, r-patched-solaris-x86, r-release-osx-x86_64, r-oldrel-osx-x86_64