CRAN Package Check Results for Package kgc

Last updated on 2019-04-22 01:47:44 CEST.

Flavor Version Tinstall Tcheck Ttotal Status Flags
r-devel-linux-x86_64-debian-clang 1.0.0.2 27.24 393.85 421.09 OK
r-devel-linux-x86_64-debian-gcc 1.0.0.2 23.75 248.28 272.03 OK
r-devel-linux-x86_64-fedora-clang 1.0.0.2 522.77 OK
r-devel-linux-x86_64-fedora-gcc 1.0.0.2 407.61 OK
r-devel-windows-ix86+x86_64 1.0.0.2 48.00 377.00 425.00 OK
r-patched-linux-x86_64 1.0.0.2 27.89 313.50 341.39 OK
r-patched-solaris-x86 1.0.0.2 346.10 WARN
r-release-linux-x86_64 1.0.0.2 26.14 315.14 341.28 NOTE
r-release-windows-ix86+x86_64 1.0.0.2 37.00 375.00 412.00 OK
r-release-osx-x86_64 1.0.0.2 OK
r-oldrel-windows-ix86+x86_64 1.0.0.2 36.00 412.00 448.00 OK
r-oldrel-osx-x86_64 1.0.0.2 OK

Check Details

Version: 1.0.0.2
Check: re-building of vignette outputs
Result: WARN
    Error(s) in re-building vignettes:
     ...
    --- re-building ‘kgc-fine.Rmd’ using rmarkdown
    Warning in engine$weave(file, quiet = quiet, encoding = enc) :
     Pandoc (>= 1.12.3) and/or pandoc-citeproc not available. Falling back to R Markdown v1.
    Loading required package: shiny
    Loading required package: shinythemes
    Loading required package: plyr
    Quitting from lines 37-53 (kgc-fine.Rmd)
    Error: processing vignette 'kgc-fine.Rmd' failed with diagnostics:
    cannot allocate vector of size 640.7 Mb
    --- failed re-building ‘kgc-fine.Rmd’
    
    --- re-building ‘kgc-vignette.Rmd’ using rmarkdown
    Warning in engine$weave(file, quiet = quiet, encoding = enc) :
     Pandoc (>= 1.12.3) and/or pandoc-citeproc not available. Falling back to R Markdown v1.
    Loading required package: shiny
    Loading required package: shinythemes
    Loading required package: plyr
    --- finished re-building ‘kgc-vignette.Rmd’
    
    SUMMARY: processing the following file failed:
     ‘kgc-fine.Rmd’
    
    Error: Vignette re-building failed.
    Execution halted
Flavor: r-patched-solaris-x86

Version: 1.0.0.2
Check: DESCRIPTION meta-information
Result: NOTE
    Dependence on R version ‘3.3.2’ not with patchlevel 0
Flavor: r-release-linux-x86_64