Last updated on 2019-04-22 01:47:45 CEST.
Flavor | Version | Tinstall | Tcheck | Ttotal | Status | Flags |
---|---|---|---|---|---|---|
r-devel-linux-x86_64-debian-clang | 0.0.1 | 16.60 | 21.26 | 37.86 | OK | |
r-devel-linux-x86_64-debian-gcc | 0.0.1 | 14.71 | 17.41 | 32.12 | OK | |
r-devel-linux-x86_64-fedora-clang | 0.0.1 | 53.53 | NOTE | |||
r-devel-linux-x86_64-fedora-gcc | 0.0.1 | 51.18 | NOTE | |||
r-devel-windows-ix86+x86_64 | 0.0.1 | 45.00 | 47.00 | 92.00 | OK | |
r-patched-linux-x86_64 | 0.0.1 | 16.82 | 21.66 | 38.48 | OK | |
r-patched-solaris-x86 | 0.0.1 | 63.60 | NOTE | |||
r-release-linux-x86_64 | 0.0.1 | 18.36 | 20.31 | 38.67 | OK | |
r-release-windows-ix86+x86_64 | 0.0.1 | 32.00 | 66.00 | 98.00 | OK | |
r-release-osx-x86_64 | 0.0.1 | NOTE | ||||
r-oldrel-windows-ix86+x86_64 | 0.0.1 | 29.00 | 61.00 | 90.00 | OK |
Version: 0.0.1
Check: dependencies in R code
Result: NOTE
Namespace in Imports field not imported from: ‘Rcpp’
All declared Imports should be used.
Flavors: r-devel-linux-x86_64-fedora-clang, r-devel-linux-x86_64-fedora-gcc, r-patched-solaris-x86, r-release-osx-x86_64