Last updated on 2019-04-22 01:47:45 CEST.
Flavor | Version | Tinstall | Tcheck | Ttotal | Status | Flags |
---|---|---|---|---|---|---|
r-devel-linux-x86_64-debian-clang | 2.8-3 | 20.07 | 205.99 | 226.06 | OK | |
r-devel-linux-x86_64-debian-gcc | 2.8-3 | 13.14 | 167.60 | 180.74 | OK | |
r-devel-linux-x86_64-fedora-clang | 2.8-3 | 272.60 | OK | |||
r-devel-linux-x86_64-fedora-gcc | 2.8-3 | 267.17 | OK | |||
r-devel-windows-ix86+x86_64 | 2.8-3 | 50.00 | 301.00 | 351.00 | OK | |
r-patched-linux-x86_64 | 2.8-3 | 17.08 | 200.84 | 217.92 | OK | |
r-patched-solaris-x86 | 2.8-3 | 314.10 | NOTE | --no-build-vignettes | ||
r-release-linux-x86_64 | 2.8-3 | 14.57 | 188.24 | 202.81 | OK | |
r-release-windows-ix86+x86_64 | 2.8-3 | 34.00 | 370.00 | 404.00 | OK | |
r-release-osx-x86_64 | 2.8-3 | OK | ||||
r-oldrel-windows-ix86+x86_64 | 2.8-3 | 31.00 | 378.00 | 409.00 | OK | |
r-oldrel-osx-x86_64 | 2.8-3 | OK |
Version: 2.8-3
Flags: --no-build-vignettes
Check: compilation flags used
Result: NOTE
Compilation used the following non-portable flag(s):
‘-mt’
Flavor: r-patched-solaris-x86