CRAN Package Check Results for Package linkspotter

Last updated on 2019-04-22 01:47:45 CEST.

Flavor Version Tinstall Tcheck Ttotal Status Flags
r-devel-linux-x86_64-debian-clang 1.2.0 10.68 111.57 122.25 OK
r-devel-linux-x86_64-debian-gcc 1.2.0 9.83 86.84 96.67 OK
r-devel-linux-x86_64-fedora-clang 1.2.0 144.69 OK
r-devel-linux-x86_64-fedora-gcc 1.2.0 140.34 OK
r-devel-windows-ix86+x86_64 1.2.0 35.00 122.00 157.00 OK
r-patched-linux-x86_64 1.2.0 9.99 109.42 119.41 OK
r-patched-solaris-x86 1.2.0 218.90 WARN
r-release-linux-x86_64 1.2.0 7.28 108.36 115.64 OK
r-release-windows-ix86+x86_64 1.2.0 15.00 133.00 148.00 OK
r-release-osx-x86_64 1.2.0 WARN
r-oldrel-windows-ix86+x86_64 1.2.0 25.00 185.00 210.00 OK
r-oldrel-osx-x86_64 1.2.0 WARN

Check Details

Version: 1.2.0
Check: re-building of vignette outputs
Result: WARN
    Error(s) in re-building vignettes:
     ...
    --- re-building ‘linkspotterVignette.Rmd’ using rmarkdown
    Warning in engine$weave(file, quiet = quiet, encoding = enc) :
     Pandoc (>= 1.12.3) and/or pandoc-citeproc not available. Falling back to R Markdown v1.
    Quitting from lines 109-112 (linkspotterVignette.Rmd)
    Error: processing vignette 'linkspotterVignette.Rmd' failed with diagnostics:
    there is no package called 'webshot'
    --- failed re-building ‘linkspotterVignette.Rmd’
    
    SUMMARY: processing the following file failed:
     ‘linkspotterVignette.Rmd’
    
    Error: Vignette re-building failed.
    Execution halted
Flavor: r-patched-solaris-x86

Version: 1.2.0
Check: re-building of vignette outputs
Result: WARN
    Error in re-building vignettes:
     ...
    Warning in engine$weave(file, quiet = quiet, encoding = enc) :
     Pandoc (>= 1.12.3) and/or pandoc-citeproc not available. Falling back to R Markdown v1.
    Quitting from lines 109-112 (linkspotterVignette.Rmd)
    Error: processing vignette 'linkspotterVignette.Rmd' failed with diagnostics:
    cannot open the connection
    Execution halted
Flavors: r-release-osx-x86_64, r-oldrel-osx-x86_64