Last updated on 2019-04-22 01:47:45 CEST.
Flavor | Version | Tinstall | Tcheck | Ttotal | Status | Flags |
---|---|---|---|---|---|---|
r-devel-linux-x86_64-debian-clang | 1.1-21 | 84.27 | 693.16 | 777.43 | OK | |
r-devel-linux-x86_64-debian-gcc | 1.1-21 | 72.56 | 522.90 | 595.46 | OK | |
r-devel-linux-x86_64-fedora-clang | 1.1-21 | 934.04 | NOTE | |||
r-devel-linux-x86_64-fedora-gcc | 1.1-21 | 906.77 | OK | |||
r-devel-windows-ix86+x86_64 | 1.1-21 | 191.00 | 1268.00 | 1459.00 | NOTE | |
r-patched-linux-x86_64 | 1.1-21 | 85.99 | 677.93 | 763.92 | OK | |
r-patched-solaris-x86 | 1.1-21 | 1246.90 | NOTE | |||
r-release-linux-x86_64 | 1.1-21 | 91.42 | 707.59 | 799.01 | OK | |
r-release-windows-ix86+x86_64 | 1.1-21 | 152.00 | 1632.00 | 1784.00 | NOTE | |
r-release-osx-x86_64 | 1.1-21 | NOTE | ||||
r-oldrel-windows-ix86+x86_64 | 1.1-21 | 142.00 | 0.00 | 142.00 | NOTE | |
r-oldrel-osx-x86_64 | 1.1-21 | NOTE |
Version: 1.1-21
Check: installed package size
Result: NOTE
installed size is 25.9Mb
sub-directories of 1Mb or more:
R 1.4Mb
doc 2.4Mb
libs 19.5Mb
testdata 1.6Mb
Flavors: r-devel-linux-x86_64-fedora-clang, r-devel-windows-ix86+x86_64, r-patched-solaris-x86, r-release-windows-ix86+x86_64, r-release-osx-x86_64, r-oldrel-windows-ix86+x86_64, r-oldrel-osx-x86_64