Last updated on 2019-04-22 01:47:45 CEST.
Flavor | Version | Tinstall | Tcheck | Ttotal | Status | Flags |
---|---|---|---|---|---|---|
r-devel-linux-x86_64-debian-clang | 0.1.2 | 27.57 | 22.93 | 50.50 | OK | |
r-devel-linux-x86_64-debian-gcc | 0.1.2 | 21.43 | 19.12 | 40.55 | OK | |
r-devel-linux-x86_64-fedora-clang | 0.1.2 | 71.67 | NOTE | |||
r-devel-linux-x86_64-fedora-gcc | 0.1.2 | 65.48 | NOTE | |||
r-devel-windows-ix86+x86_64 | 0.1.2 | 74.00 | 58.00 | 132.00 | OK | |
r-patched-linux-x86_64 | 0.1.2 | 25.35 | 22.96 | 48.31 | OK | |
r-patched-solaris-x86 | 0.1.2 | 77.20 | OK | |||
r-release-linux-x86_64 | 0.1.2 | 26.05 | 22.06 | 48.11 | OK | |
r-release-windows-ix86+x86_64 | 0.1.2 | 61.00 | 69.00 | 130.00 | OK | |
r-release-osx-x86_64 | 0.1.2 | OK | ||||
r-oldrel-windows-ix86+x86_64 | 0.1.2 | 55.00 | 65.00 | 120.00 | OK | |
r-oldrel-osx-x86_64 | 0.1.2 | OK |
Version: 0.1.2
Check: compiled code
Result: NOTE
File ‘lowmemtkmeans/libs/lowmemtkmeans.so’:
Found no calls to: ‘R_registerRoutines’, ‘R_useDynamicSymbols’
It is good practice to register native routines and to disable symbol
search.
See ‘Writing portable packages’ in the ‘Writing R Extensions’ manual.
Flavors: r-devel-linux-x86_64-fedora-clang, r-devel-linux-x86_64-fedora-gcc