CRAN Package Check Results for Package lunar

Last updated on 2019-04-22 01:47:45 CEST.

Flavor Version Tinstall Tcheck Ttotal Status Flags
r-devel-linux-x86_64-debian-clang 0.1-04 1.68 17.66 19.34 NOTE
r-devel-linux-x86_64-debian-gcc 0.1-04 1.40 14.28 15.68 NOTE
r-devel-linux-x86_64-fedora-clang 0.1-04 23.26 NOTE
r-devel-linux-x86_64-fedora-gcc 0.1-04 22.26 NOTE
r-devel-windows-ix86+x86_64 0.1-04 7.00 30.00 37.00 NOTE
r-patched-linux-x86_64 0.1-04 1.92 17.66 19.58 NOTE
r-patched-solaris-x86 0.1-04 37.50 NOTE
r-release-linux-x86_64 0.1-04 1.13 16.66 17.79 NOTE
r-release-windows-ix86+x86_64 0.1-04 3.00 26.00 29.00 NOTE
r-release-osx-x86_64 0.1-04 NOTE
r-oldrel-windows-ix86+x86_64 0.1-04 3.00 34.00 37.00 NOTE
r-oldrel-osx-x86_64 0.1-04 NOTE

Check Details

Version: 0.1-04
Check: R code for possible problems
Result: NOTE
    terrestrial.season: no visible global function definition for 'is'
    Undefined global functions or variables:
     is
    Consider adding
     importFrom("methods", "is")
    to your NAMESPACE file (and ensure that your DESCRIPTION Imports field
    contains 'methods').
Flavors: r-devel-linux-x86_64-debian-clang, r-devel-linux-x86_64-debian-gcc, r-devel-linux-x86_64-fedora-clang, r-devel-linux-x86_64-fedora-gcc, r-devel-windows-ix86+x86_64, r-patched-linux-x86_64, r-patched-solaris-x86, r-release-linux-x86_64, r-release-windows-ix86+x86_64, r-release-osx-x86_64, r-oldrel-windows-ix86+x86_64, r-oldrel-osx-x86_64