CRAN Package Check Results for Package lvnet

Last updated on 2019-04-22 01:47:45 CEST.

Flavor Version Tinstall Tcheck Ttotal Status Flags
r-devel-linux-x86_64-debian-clang 0.3.4 15.85 129.26 145.11 OK
r-devel-linux-x86_64-debian-gcc 0.3.4 15.57 100.28 115.85 OK
r-devel-linux-x86_64-fedora-clang 0.3.4 174.46 OK
r-devel-linux-x86_64-fedora-gcc 0.3.4 164.02 OK
r-devel-windows-ix86+x86_64 0.3.4 48.00 138.00 186.00 OK
r-patched-linux-x86_64 0.3.4 16.46 124.57 141.03 OK
r-patched-solaris-x86 0.3.4 280.50 ERROR
r-release-linux-x86_64 0.3.4 12.51 122.43 134.94 OK
r-release-windows-ix86+x86_64 0.3.4 24.00 206.00 230.00 OK
r-release-osx-x86_64 0.3.4 OK
r-oldrel-windows-ix86+x86_64 0.3.4 32.00 202.00 234.00 OK
r-oldrel-osx-x86_64 0.3.4 OK

Check Details

Version: 0.3.4
Check: examples
Result: ERROR
    Running examples in ‘lvnet-Ex.R’ failed
    The error most likely occurred in:
    
    > ### Name: lvnet
    > ### Title: Confirmatory Latent Variable Network Models
    > ### Aliases: lvnet
    >
    > ### ** Examples
    >
    > # Load dataset:
    > library("lavaan")
    This is lavaan 0.6-3
    lavaan is BETA software! Please report any bugs.
    
    Attaching package: ‘lavaan’
    
    The following object is masked from ‘package:OpenMx’:
    
     vech
    
    > data(HolzingerSwineford1939)
    > Data <- HolzingerSwineford1939[,7:15]
    >
    > # Measurement model:
    > Lambda <- matrix(0, 9, 3)
    > Lambda[1:3,1] <- NA
    > Lambda[4:6,2] <- NA
    > Lambda[7:9,3] <- NA
    >
    > # Fit CFA model:
    > CFA <- lvnet(Data, lambda = Lambda)
    
     *** caught segfault ***
    address eb10d4d6, cause 'memory not mapped'
Flavor: r-patched-solaris-x86