Last updated on 2019-04-22 01:47:46 CEST.
Flavor | Version | Tinstall | Tcheck | Ttotal | Status | Flags |
---|---|---|---|---|---|---|
r-devel-linux-x86_64-debian-clang | 3.3.0 | 8.11 | 33.56 | 41.67 | OK | |
r-devel-linux-x86_64-debian-gcc | 3.3.0 | 5.68 | 27.20 | 32.88 | OK | |
r-devel-linux-x86_64-fedora-clang | 3.3.0 | 49.81 | OK | |||
r-devel-linux-x86_64-fedora-gcc | 3.3.0 | 47.52 | OK | |||
r-devel-windows-ix86+x86_64 | 3.3.0 | 52.00 | 64.00 | 116.00 | NOTE | |
r-patched-linux-x86_64 | 3.3.0 | 6.93 | 33.36 | 40.29 | OK | |
r-patched-solaris-x86 | 3.3.0 | 78.10 | NOTE | |||
r-release-linux-x86_64 | 3.3.0 | 6.91 | 30.07 | 36.98 | OK | |
r-release-windows-ix86+x86_64 | 3.3.0 | 51.00 | 83.00 | 134.00 | OK | |
r-release-osx-x86_64 | 3.3.0 | OK | ||||
r-oldrel-windows-ix86+x86_64 | 3.3.0 | 36.00 | 81.00 | 117.00 | OK | |
r-oldrel-osx-x86_64 | 3.3.0 | OK |
Version: 3.3.0
Check: whether package can be installed
Result: NOTE
Found the following notes/warnings:
Non-staged installation was used
Flavor: r-devel-windows-ix86+x86_64
Version: 3.3.0
Check: installed package size
Result: NOTE
installed size is 5.3Mb
sub-directories of 1Mb or more:
mapdata 4.2Mb
Flavor: r-patched-solaris-x86