CRAN Package Check Results for Package mapsapi

Last updated on 2019-04-22 01:47:46 CEST.

Flavor Version Tinstall Tcheck Ttotal Status Flags
r-devel-linux-x86_64-debian-clang 0.4.0 3.69 50.80 54.49 OK
r-devel-linux-x86_64-debian-gcc 0.4.0 3.94 42.02 45.96 OK
r-devel-linux-x86_64-fedora-clang 0.4.0 68.35 NOTE
r-devel-linux-x86_64-fedora-gcc 0.4.0 65.92 NOTE
r-devel-windows-ix86+x86_64 0.4.0 15.00 59.00 74.00 OK
r-patched-linux-x86_64 0.4.0 4.60 50.64 55.24 OK
r-patched-solaris-x86 0.4.0 102.50 WARN
r-release-linux-x86_64 0.4.0 2.48 49.61 52.09 OK
r-release-windows-ix86+x86_64 0.4.0 7.00 89.00 96.00 OK
r-release-osx-x86_64 0.4.0 WARN
r-oldrel-windows-ix86+x86_64 0.4.0 5.00 93.00 98.00 OK
r-oldrel-osx-x86_64 0.3.9 WARN

Check Details

Version: 0.4.0
Check: dependencies in R code
Result: NOTE
    Namespace in Imports field not imported from: ‘plyr’
     All declared Imports should be used.
Flavors: r-devel-linux-x86_64-fedora-clang, r-devel-linux-x86_64-fedora-gcc, r-patched-solaris-x86, r-release-osx-x86_64

Version: 0.4.0
Check: re-building of vignette outputs
Result: WARN
    Error(s) in re-building vignettes:
     ...
    --- re-building ‘intro.Rmd’ using rmarkdown
    Warning in engine$weave(file, quiet = quiet, encoding = enc) :
     Pandoc (>= 1.12.3) and/or pandoc-citeproc not available. Falling back to R Markdown v1.
    Quitting from lines 95-100 (intro.Rmd)
    Error: processing vignette 'intro.Rmd' failed with diagnostics:
    there is no package called 'webshot'
    --- failed re-building ‘intro.Rmd’
    
    SUMMARY: processing the following file failed:
     ‘intro.Rmd’
    
    Error: Vignette re-building failed.
    Execution halted
Flavor: r-patched-solaris-x86

Version: 0.4.0
Check: re-building of vignette outputs
Result: WARN
    Error in re-building vignettes:
     ...
    Warning in engine$weave(file, quiet = quiet, encoding = enc) :
     Pandoc (>= 1.12.3) and/or pandoc-citeproc not available. Falling back to R Markdown v1.
    Quitting from lines 95-100 (intro.Rmd)
    Error: processing vignette 'intro.Rmd' failed with diagnostics:
    cannot open the connection
    Execution halted
Flavor: r-release-osx-x86_64

Version: 0.3.9
Check: dependencies in R code
Result: NOTE
    Namespace in Imports field not imported from: ‘plyr’
     All declared Imports should be used.
Flavor: r-oldrel-osx-x86_64

Version: 0.3.9
Check: re-building of vignette outputs
Result: WARN
    Error in re-building vignettes:
     ...
    Warning in engine$weave(file, quiet = quiet, encoding = enc) :
     Pandoc (>= 1.12.3) and/or pandoc-citeproc not available. Falling back to R Markdown v1.
    Quitting from lines 95-100 (intro.Rmd)
    Error: processing vignette 'intro.Rmd' failed with diagnostics:
    cannot open the connection
    Execution halted
Flavor: r-oldrel-osx-x86_64