CRAN Package Check Results for Package matchingMarkets

Last updated on 2019-04-22 01:47:46 CEST.

Flavor Version Tinstall Tcheck Ttotal Status Flags
r-devel-linux-x86_64-debian-clang 1.0-1 169.08 132.50 301.58 OK
r-devel-linux-x86_64-debian-gcc 1.0-1 135.22 102.49 237.71 OK
r-devel-linux-x86_64-fedora-clang 1.0-1 442.35 NOTE
r-devel-linux-x86_64-fedora-gcc 1.0-1 398.35 OK
r-devel-windows-ix86+x86_64 1.0-1 449.00 175.00 624.00 NOTE
r-patched-linux-x86_64 1.0-1 161.43 133.45 294.88 OK
r-patched-solaris-x86 1.0-1 404.80 NOTE
r-release-linux-x86_64 1.0-1 157.59 129.55 287.14 OK
r-release-windows-ix86+x86_64 1.0-1 340.00 223.00 563.00 NOTE
r-release-osx-x86_64 1.0-1 NOTE
r-oldrel-windows-ix86+x86_64 1.0-1 337.00 241.00 578.00 NOTE
r-oldrel-osx-x86_64 1.0-1 NOTE

Check Details

Version: 1.0-1
Check: installed package size
Result: NOTE
     installed size is 13.9Mb
     sub-directories of 1Mb or more:
     java 3.3Mb
     libs 9.4Mb
Flavors: r-devel-linux-x86_64-fedora-clang, r-devel-windows-ix86+x86_64, r-patched-solaris-x86, r-release-windows-ix86+x86_64, r-release-osx-x86_64, r-oldrel-windows-ix86+x86_64, r-oldrel-osx-x86_64