CRAN Package Check Results for Package mazeinda

Last updated on 2019-04-22 01:47:46 CEST.

Flavor Version Tinstall Tcheck Ttotal Status Flags
r-devel-linux-x86_64-debian-clang 0.0.1 1.76 22.30 24.06 OK --no-vignettes
r-devel-linux-x86_64-debian-gcc 0.0.1 1.46 17.91 19.37 OK --no-vignettes
r-devel-linux-x86_64-fedora-clang 0.0.1 821.98 OK
r-devel-linux-x86_64-fedora-gcc 0.0.1 793.90 OK
r-devel-windows-ix86+x86_64 0.0.1 7.00 617.00 624.00 NOTE
r-patched-linux-x86_64 0.0.1 1.94 22.16 24.10 OK --no-vignettes
r-patched-solaris-x86 0.0.1 1007.60 OK
r-release-linux-x86_64 0.0.1 1.12 21.26 22.38 OK --no-vignettes
r-release-windows-ix86+x86_64 0.0.1 3.00 995.00 998.00 NOTE
r-release-osx-x86_64 0.0.1 OK
r-oldrel-windows-ix86+x86_64 0.0.1 2.00 909.00 911.00 NOTE
r-oldrel-osx-x86_64 0.0.1 OK

Check Details

Version: 0.0.1
Check: package dependencies
Result: NOTE
    Package suggested but not available for checking: 'doMC'
Flavors: r-devel-windows-ix86+x86_64, r-release-windows-ix86+x86_64, r-oldrel-windows-ix86+x86_64