Last updated on 2019-04-22 01:47:46 CEST.
Flavor | Version | Tinstall | Tcheck | Ttotal | Status | Flags |
---|---|---|---|---|---|---|
r-devel-linux-x86_64-debian-clang | 5.4.3 | 31.98 | 221.75 | 253.73 | OK | |
r-devel-linux-x86_64-debian-gcc | 5.4.3 | 28.04 | 160.14 | 188.18 | OK | |
r-devel-linux-x86_64-fedora-clang | 5.4.3 | 314.28 | NOTE | |||
r-devel-linux-x86_64-fedora-gcc | 5.4.3 | 305.71 | OK | |||
r-devel-windows-ix86+x86_64 | 5.4.3 | 94.00 | 314.00 | 408.00 | NOTE | |
r-patched-linux-x86_64 | 5.4.3 | 33.68 | 230.94 | 264.62 | OK | |
r-patched-solaris-x86 | 5.4.3 | 425.90 | NOTE | |||
r-release-linux-x86_64 | 5.4.3 | 32.52 | 232.59 | 265.11 | OK | |
r-release-windows-ix86+x86_64 | 5.4.3 | 62.00 | 396.00 | 458.00 | NOTE | |
r-release-osx-x86_64 | 5.4.3 | NOTE | ||||
r-oldrel-windows-ix86+x86_64 | 5.4.3 | 64.00 | 400.00 | 464.00 | NOTE | |
r-oldrel-osx-x86_64 | 5.4.3 | NOTE |
Version: 5.4.3
Check: installed package size
Result: NOTE
installed size is 5.6Mb
sub-directories of 1Mb or more:
doc 3.0Mb
Flavors: r-devel-linux-x86_64-fedora-clang, r-devel-windows-ix86+x86_64, r-patched-solaris-x86, r-release-windows-ix86+x86_64, r-release-osx-x86_64, r-oldrel-windows-ix86+x86_64, r-oldrel-osx-x86_64