CRAN Package Check Results for Package meta4diag

Last updated on 2019-04-22 01:47:46 CEST.

Flavor Version Tinstall Tcheck Ttotal Status Flags
r-devel-linux-x86_64-debian-clang 2.0.8 13.20 63.02 76.22 NOTE
r-devel-linux-x86_64-debian-gcc 2.0.8 10.88 50.12 61.00 NOTE
r-devel-linux-x86_64-fedora-clang 2.0.8 90.90 OK
r-devel-linux-x86_64-fedora-gcc 2.0.8 88.41 OK
r-devel-windows-ix86+x86_64 2.0.8 26.00 71.00 97.00 OK
r-patched-linux-x86_64 2.0.8 11.52 64.01 75.53 NOTE
r-patched-solaris-x86 2.0.8 122.40 NOTE
r-release-linux-x86_64 2.0.8 12.43 59.71 72.14 NOTE
r-release-windows-ix86+x86_64 2.0.8 15.00 76.00 91.00 OK
r-release-osx-x86_64 2.0.8 NOTE
r-oldrel-windows-ix86+x86_64 2.0.8 6.00 99.00 105.00 OK
r-oldrel-osx-x86_64 2.0.8 NOTE

Check Details

Version: 2.0.8
Check: package dependencies
Result: NOTE
    Package suggested but not available for checking: 'INLA'
Flavors: r-devel-linux-x86_64-debian-clang, r-devel-linux-x86_64-debian-gcc, r-patched-linux-x86_64, r-patched-solaris-x86, r-release-linux-x86_64, r-release-osx-x86_64, r-oldrel-osx-x86_64