Last updated on 2019-04-22 01:47:46 CEST.
Flavor | Version | Tinstall | Tcheck | Ttotal | Status | Flags |
---|---|---|---|---|---|---|
r-devel-linux-x86_64-debian-clang | 0.4 | 16.69 | 132.39 | 149.08 | OK | |
r-devel-linux-x86_64-debian-gcc | 0.4 | 14.74 | 105.03 | 119.77 | OK | |
r-devel-linux-x86_64-fedora-clang | 0.4 | 174.30 | OK | |||
r-devel-linux-x86_64-fedora-gcc | 0.4 | 170.80 | OK | |||
r-devel-windows-ix86+x86_64 | 0.4 | 44.00 | 121.00 | 165.00 | OK | |
r-patched-linux-x86_64 | 0.4 | 14.96 | 129.22 | 144.18 | OK | |
r-patched-solaris-x86 | 0.4 | 279.70 | OK | |||
r-release-linux-x86_64 | 0.4 | 12.80 | 131.71 | 144.51 | NOTE | |
r-release-windows-ix86+x86_64 | 0.4 | 21.00 | 165.00 | 186.00 | OK | |
r-release-osx-x86_64 | 0.4 | ERROR | ||||
r-oldrel-windows-ix86+x86_64 | 0.4 | 27.00 | 167.00 | 194.00 | OK | |
r-oldrel-osx-x86_64 | 0.4 | ERROR |
Version: 0.4
Check: DESCRIPTION meta-information
Result: NOTE
Dependence on R version ‘3.3.2’ not with patchlevel 0
Flavor: r-release-linux-x86_64
Version: 0.4
Check: package dependencies
Result: ERROR
Package required but not available: ‘gWidgetsRGtk2’
See section ‘The DESCRIPTION file’ in the ‘Writing R Extensions’
manual.
Flavors: r-release-osx-x86_64, r-oldrel-osx-x86_64