CRAN Package Check Results for Package mlxR

Last updated on 2019-04-22 01:47:47 CEST.

Flavor Version Tinstall Tcheck Ttotal Status Flags
r-devel-linux-x86_64-debian-clang 4.0.0 12.91 69.74 82.65 OK
r-devel-linux-x86_64-debian-gcc 4.0.0 9.64 53.48 63.12 OK
r-devel-linux-x86_64-fedora-clang 4.0.0 93.91 OK
r-devel-linux-x86_64-fedora-gcc 4.0.0 93.84 OK
r-devel-windows-ix86+x86_64 4.0.0 25.00 72.00 97.00 OK
r-patched-linux-x86_64 4.0.0 12.56 67.18 79.74 OK
r-patched-solaris-x86 4.0.0 121.80 OK
r-release-linux-x86_64 4.0.0 11.59 66.26 77.85 OK
r-release-windows-ix86+x86_64 4.0.0 15.00 66.00 81.00 OK
r-release-osx-x86_64 4.0.0 OK
r-oldrel-windows-ix86+x86_64 3.3.0 10.00 110.00 120.00 WARN
r-oldrel-osx-x86_64 3.3.0 OK

Check Details

Version: 3.3.0
Check: whether package can be installed
Result: WARN
    Found the following significant warnings:
     Warning: S3 methods '[.fun_list', '[.grouped_df', 'all.equal.tbl_df', 'anti_join.data.frame', 'anti_join.tbl_df', 'arrange.data.frame', 'arrange.default', 'arrange.grouped_df', 'arrange.tbl_df', 'arrange_.data.frame', 'arrange_.tbl_df', 'as.data.frame.grouped_df', 'as.data.frame.rowwise_df', 'as.data.frame.tbl_cube', 'as.table.tbl_cube', 'as.tbl.data.frame', 'as.tbl.tbl', 'as.tbl_cube.array', 'as.tbl_cube.data.frame', 'as.tbl_cube.matrix', 'as.tbl_cube.table', 'as_tibble.grouped_df', 'as_tibble.tbl_cube', 'auto_copy.tbl_cube', 'auto_copy.tbl_df', 'cbind.grouped_df', 'collapse.data.frame', 'collect.data.frame', 'common_by.NULL', 'common_by.character', 'common_by.default', 'common_by.list', 'compute.data.frame', 'copy_to.DBIConnection', 'copy_to.src_local', 'default_missing.data.frame', 'default_missing.default', 'dim.tbl_cube', 'distinct.data.frame', 'distinct.default', 'distinct.grouped_df', 'distinct.tbl_df', 'distinct_.data.frame', 'distinct_.grouped_df', 'distinct_.tbl_df', 'do.NULL', 'do.da [... truncated]
Flavor: r-oldrel-windows-ix86+x86_64