Last updated on 2019-04-22 01:47:48 CEST.
Flavor | Version | Tinstall | Tcheck | Ttotal | Status | Flags |
---|---|---|---|---|---|---|
r-devel-linux-x86_64-debian-clang | 0.1.0 | 2.95 | 30.24 | 33.19 | OK | |
r-devel-linux-x86_64-debian-gcc | 0.1.0 | 2.34 | 23.79 | 26.13 | OK | |
r-devel-linux-x86_64-fedora-clang | 0.1.0 | 38.75 | NOTE | |||
r-devel-linux-x86_64-fedora-gcc | 0.1.0 | 37.87 | NOTE | |||
r-devel-windows-ix86+x86_64 | 0.1.0 | 9.00 | 37.00 | 46.00 | OK | |
r-patched-linux-x86_64 | 0.1.0 | 3.05 | 31.35 | 34.40 | OK | |
r-patched-solaris-x86 | 0.1.0 | 58.70 | NOTE | |||
r-release-linux-x86_64 | 0.1.0 | 2.03 | 29.64 | 31.67 | OK | |
r-release-windows-ix86+x86_64 | 0.1.0 | 4.00 | 56.00 | 60.00 | OK | |
r-release-osx-x86_64 | 0.1.0 | ERROR | ||||
r-oldrel-windows-ix86+x86_64 | 0.1.0 | 3.00 | 54.00 | 57.00 | OK | |
r-oldrel-osx-x86_64 | 0.1.0 | ERROR |
Version: 0.1.0
Check: dependencies in R code
Result: NOTE
Namespaces in Imports field not imported from:
‘Rmisc’ ‘amap’ ‘fields’ ‘matrixStats’ ‘mco’ ‘miscTools’ ‘plyr’
‘reshape2’
All declared Imports should be used.
Flavors: r-devel-linux-x86_64-fedora-clang, r-devel-linux-x86_64-fedora-gcc, r-patched-solaris-x86
Version: 0.1.0
Check: package dependencies
Result: ERROR
Package required but not available: ‘doMPI’
See section ‘The DESCRIPTION file’ in the ‘Writing R Extensions’
manual.
Flavors: r-release-osx-x86_64, r-oldrel-osx-x86_64