CRAN Package Check Results for Package moduleColor

Last updated on 2019-04-22 01:47:48 CEST.

Flavor Version Tinstall Tcheck Ttotal Status Flags
r-devel-linux-x86_64-debian-clang 1.08-3 2.65 22.66 25.31 NOTE
r-devel-linux-x86_64-debian-gcc 1.08-3 1.90 18.12 20.02 NOTE
r-devel-linux-x86_64-fedora-clang 1.08-3 31.42 NOTE
r-devel-linux-x86_64-fedora-gcc 1.08-3 30.43 NOTE
r-devel-windows-ix86+x86_64 1.08-3 8.00 30.00 38.00 NOTE
r-patched-linux-x86_64 1.08-3 2.60 22.77 25.37 NOTE
r-patched-solaris-x86 1.08-3 46.40 NOTE
r-release-linux-x86_64 1.08-3 1.93 21.52 23.45 NOTE
r-release-windows-ix86+x86_64 1.08-3 4.00 31.00 35.00 NOTE
r-release-osx-x86_64 1.08-3 NOTE
r-oldrel-windows-ix86+x86_64 1.08-3 3.00 42.00 45.00 NOTE
r-oldrel-osx-x86_64 1.08-3 NOTE

Check Details

Version: 1.08-3
Check: R code for possible problems
Result: NOTE
    .clustOrder: no visible global function definition for 'hclust'
    .clustOrder: no visible global function definition for 'as.dist'
    consensusMEDissimilarity: no visible global function definition for
     'cor'
    mergeCloseModules: no visible global function definition for 'cor'
    mergeCloseModules: no visible global function definition for 'hclust'
    mergeCloseModules: no visible global function definition for 'as.dist'
    moduleEigengenes: no visible global function definition for 'cor'
    moduleEigengenes: no visible global function definition for 'cov'
    moduleNumber: no visible global function definition for 'cutree'
    orderMEs: no visible global function definition for 'cor'
    orderMEs: no visible global function definition for 'as.dist'
    plotHclustColors: no visible global function definition for 'barplot'
    plotHclustColors: no visible global function definition for 'strwidth'
    plotHclustColors: no visible global function definition for 'rect'
    plotHclustColors: no visible global function definition for 'text'
    plotHclustColors: no visible global function definition for 'lines'
    Undefined global functions or variables:
     as.dist barplot cor cov cutree hclust lines rect strwidth text
    Consider adding
     importFrom("graphics", "barplot", "lines", "rect", "strwidth", "text")
     importFrom("stats", "as.dist", "cor", "cov", "cutree", "hclust")
    to your NAMESPACE file.
Flavors: r-devel-linux-x86_64-debian-clang, r-devel-linux-x86_64-debian-gcc, r-devel-linux-x86_64-fedora-clang, r-devel-linux-x86_64-fedora-gcc, r-devel-windows-ix86+x86_64, r-patched-linux-x86_64, r-patched-solaris-x86, r-release-linux-x86_64, r-release-windows-ix86+x86_64, r-release-osx-x86_64, r-oldrel-windows-ix86+x86_64, r-oldrel-osx-x86_64