Last updated on 2019-04-22 01:47:48 CEST.
Flavor | Version | Tinstall | Tcheck | Ttotal | Status | Flags |
---|---|---|---|---|---|---|
r-devel-linux-x86_64-debian-clang | 1.4-10 | 9.18 | 155.25 | 164.43 | OK | |
r-devel-linux-x86_64-debian-gcc | 1.4-10 | 7.80 | 115.50 | 123.30 | OK | |
r-devel-linux-x86_64-fedora-clang | 1.4-10 | 203.63 | OK | |||
r-devel-linux-x86_64-fedora-gcc | 1.4-10 | 196.56 | OK | |||
r-devel-windows-ix86+x86_64 | 1.4-10 | 25.00 | 180.00 | 205.00 | OK | |
r-patched-linux-x86_64 | 1.4-10 | 8.45 | 151.33 | 159.78 | OK | |
r-patched-solaris-x86 | 1.4-10 | 290.10 | OK | |||
r-release-linux-x86_64 | 1.4-10 | 6.18 | 144.35 | 150.53 | OK | |
r-release-windows-ix86+x86_64 | 1.4-10 | 13.00 | 223.00 | 236.00 | OK | |
r-release-osx-x86_64 | 1.4-10 | OK | ||||
r-oldrel-windows-ix86+x86_64 | 1.4-10 | 6.00 | 7.00 | 13.00 | ERROR | |
r-oldrel-osx-x86_64 | 1.4-10 | ERROR |
Version: 1.4-10
Check: package dependencies
Result: ERROR
Package required and available but unsuitable version: 'mvtnorm'
See section 'The DESCRIPTION file' in the 'Writing R Extensions'
manual.
Flavors: r-oldrel-windows-ix86+x86_64, r-oldrel-osx-x86_64