Last updated on 2019-04-22 01:47:49 CEST.
Flavor | Version | Tinstall | Tcheck | Ttotal | Status | Flags |
---|---|---|---|---|---|---|
r-devel-linux-x86_64-debian-clang | 0.5.0 | 31.30 | 158.88 | 190.18 | OK | |
r-devel-linux-x86_64-debian-gcc | 0.5.0 | 28.14 | 124.61 | 152.75 | OK | |
r-devel-linux-x86_64-fedora-clang | 0.5.0 | 230.47 | NOTE | |||
r-devel-linux-x86_64-fedora-gcc | 0.5.0 | 225.41 | NOTE | |||
r-devel-windows-ix86+x86_64 | 0.5.0 | 79.00 | 168.00 | 247.00 | OK | |
r-patched-linux-x86_64 | 0.5.0 | 30.06 | 154.21 | 184.27 | OK | |
r-patched-solaris-x86 | 0.5.0 | 398.40 | NOTE | |||
r-release-linux-x86_64 | 0.5.0 | 23.60 | 143.36 | 166.96 | OK | |
r-release-windows-ix86+x86_64 | 0.5.0 | 41.00 | 246.00 | 287.00 | OK | |
r-release-osx-x86_64 | 0.5.0 | NOTE | ||||
r-oldrel-windows-ix86+x86_64 | 0.5.0 | 55.00 | 233.00 | 288.00 | OK | |
r-oldrel-osx-x86_64 | 0.5.0 | NOTE |
Version: 0.5.0
Check: dependencies in R code
Result: NOTE
Namespaces in Imports field not imported from:
‘htmlTable’ ‘lme4’ ‘stringi’
All declared Imports should be used.
Flavors: r-devel-linux-x86_64-fedora-clang, r-devel-linux-x86_64-fedora-gcc, r-patched-solaris-x86, r-release-osx-x86_64, r-oldrel-osx-x86_64