Last updated on 2019-04-22 01:47:49 CEST.
Flavor | Version | Tinstall | Tcheck | Ttotal | Status | Flags |
---|---|---|---|---|---|---|
r-devel-linux-x86_64-debian-clang | 1.0.0 | 10.24 | 28.75 | 38.99 | OK | |
r-devel-linux-x86_64-debian-gcc | 1.0.0 | 10.60 | 23.70 | 34.30 | OK | |
r-devel-linux-x86_64-fedora-clang | 1.0.0 | 50.47 | NOTE | |||
r-devel-linux-x86_64-fedora-gcc | 1.0.0 | 48.11 | OK | |||
r-devel-windows-ix86+x86_64 | 1.0.0 | 22.00 | 41.00 | 63.00 | NOTE | |
r-patched-linux-x86_64 | 1.0.0 | 10.67 | 28.89 | 39.56 | OK | |
r-patched-solaris-x86 | 1.0.0 | 79.00 | NOTE | |||
r-release-linux-x86_64 | 1.0.0 | 10.64 | 27.53 | 38.17 | OK | |
r-release-windows-ix86+x86_64 | 1.0.0 | 14.00 | 58.00 | 72.00 | NOTE | |
r-release-osx-x86_64 | 1.0.0 | NOTE | ||||
r-oldrel-windows-ix86+x86_64 | 1.0.0 | 16.00 | 56.00 | 72.00 | NOTE | |
r-oldrel-osx-x86_64 | 1.0.0 | NOTE |
Version: 1.0.0
Check: installed package size
Result: NOTE
installed size is 7.0Mb
sub-directories of 1Mb or more:
data 6.9Mb
Flavors: r-devel-linux-x86_64-fedora-clang, r-devel-windows-ix86+x86_64, r-patched-solaris-x86, r-release-windows-ix86+x86_64, r-release-osx-x86_64, r-oldrel-windows-ix86+x86_64, r-oldrel-osx-x86_64