CRAN Package Check Results for Package opensensmapr

Last updated on 2019-04-22 01:47:50 CEST.

Flavor Version Tinstall Tcheck Ttotal Status Flags
r-devel-linux-x86_64-debian-clang 0.5.1 2.38 0.02 2.40 FAIL
r-devel-linux-x86_64-debian-gcc 0.5.1 2.00 0.01 2.01 FAIL
r-devel-linux-x86_64-fedora-clang 0.5.1 350.09 OK
r-devel-linux-x86_64-fedora-gcc 0.5.1 339.92 OK
r-devel-windows-ix86+x86_64 0.5.1 8.00 5569.00 5577.00 WARN
r-patched-linux-x86_64 0.5.1 2.59 302.22 304.81 OK
r-patched-solaris-x86 0.5.1 438.80 OK
r-release-linux-x86_64 0.5.1 1.74 313.35 315.09 OK
r-release-windows-ix86+x86_64 0.5.1 4.00 493.00 497.00 OK
r-release-osx-x86_64 0.5.1 OK
r-oldrel-windows-ix86+x86_64 0.5.1 5.00 556.00 561.00 OK
r-oldrel-osx-x86_64 0.5.1 OK

Check Details

Version: 0.5.1
Check: re-building of vignette outputs
Result: FAIL
    
Flavors: r-devel-linux-x86_64-debian-clang, r-devel-linux-x86_64-debian-gcc

Version: 0.5.1
Check: re-building of vignette outputs
Result: WARN
    Error(s) in re-building vignettes:
    --- re-building 'osem-history.Rmd' using rmarkdown
    
    Attaching package: 'dplyr'
    
    The following objects are masked from 'package:stats':
    
     filter, lag
    
    The following objects are masked from 'package:base':
    
     intersect, setdiff, setequal, union
    
    
    Attaching package: 'lubridate'
    
    The following object is masked from 'package:base':
    
     date
    
    
    Attaching package: 'zoo'
    
    The following objects are masked from 'package:base':
    
     as.Date, as.Date.numeric
    
    Warning in bind_rows_(x, .id) :
     Unequal factor levels: coercing to character
    Warning in bind_rows_(x, .id) :
     binding character and factor vector, coercing into character vector
    Warning in bind_rows_(x, .id) :
     binding character and factor vector, coercing into character vector
    Warning: Removed 5 rows containing missing values (geom_path).
    Don't know how to automatically pick scale for object of type difftime. Defaulting to continuous.
    Don't know how to automatically pick scale for object of type difftime. Defaulting to continuous.
    Don't know how to automatically pick scale for object of type difftime. Defaulting to continuous.
    --- finished re-building 'osem-history.Rmd'
    
    --- re-building 'osem-intro.Rmd' using rmarkdown
    Loading required package: maps
    Loading required package: maptools
    Loading required package: sp
    Checking rgeos availability: TRUE
    Loading required package: rgeos
    rgeos version: 0.4-2, (SVN revision 581)
     GEOS runtime version: 3.6.1-CAPI-1.10.1
     Linking to sp version: 1.3-1
     Polygon checking: TRUE
    
    Quitting from lines 85-90 (osem-intro.Rmd)
    Error: processing vignette 'osem-intro.Rmd' failed with diagnostics:
    parse error: premature EOF
     [{"_id":"5710de1a45fd40c8198cce
     (right here) ------^
    
    --- failed re-building 'osem-intro.Rmd'
    
    --- re-building 'osem-serialization.Rmd' using rmarkdown
    Quitting from lines 41-48 (osem-serialization.Rmd)
    Error: processing vignette 'osem-serialization.Rmd' failed with diagnostics:
    502
    --- failed re-building 'osem-serialization.Rmd'
    
    SUMMARY: processing the following files failed:
     'osem-intro.Rmd' 'osem-serialization.Rmd'
    
    Error: Vignette re-building failed.
    Execution halted
Flavor: r-devel-windows-ix86+x86_64