CRAN Package Check Results for Package oppr

Last updated on 2019-04-22 01:47:50 CEST.

Flavor Version Tinstall Tcheck Ttotal Status Flags
r-devel-linux-x86_64-debian-clang 0.0.3 187.92 127.11 315.03 NOTE
r-devel-linux-x86_64-debian-gcc 0.0.3 159.37 101.18 260.55 NOTE
r-devel-linux-x86_64-fedora-clang 0.0.3 457.30 NOTE
r-devel-linux-x86_64-fedora-gcc 0.0.3 420.14 NOTE
r-devel-windows-ix86+x86_64 0.0.3 545.00 212.00 757.00 NOTE
r-patched-linux-x86_64 0.0.3 196.46 124.48 320.94 NOTE
r-patched-solaris-x86 0.0.3 441.00 NOTE
r-release-linux-x86_64 0.0.3 189.18 122.04 311.22 NOTE
r-release-windows-ix86+x86_64 0.0.3 423.00 206.00 629.00 NOTE
r-release-osx-x86_64 0.0.3 NOTE
r-oldrel-windows-ix86+x86_64 0.0.3 349.00 212.00 561.00 NOTE
r-oldrel-osx-x86_64 0.0.1 NOTE

Check Details

Version: 0.0.3
Check: package dependencies
Result: NOTE
    Package suggested but not available for checking: 'gurobi'
Flavors: r-devel-linux-x86_64-debian-clang, r-devel-linux-x86_64-debian-gcc, r-devel-linux-x86_64-fedora-clang, r-devel-linux-x86_64-fedora-gcc, r-devel-windows-ix86+x86_64, r-patched-linux-x86_64, r-release-linux-x86_64, r-release-windows-ix86+x86_64, r-oldrel-windows-ix86+x86_64

Version: 0.0.3
Check: installed package size
Result: NOTE
     installed size is 8.6Mb
     sub-directories of 1Mb or more:
     libs 7.0Mb
Flavors: r-devel-linux-x86_64-fedora-clang, r-release-osx-x86_64

Version: 0.0.3
Check: package dependencies
Result: NOTE
    Packages suggested but not available for checking:
     'gurobi', 'Rsymphony', 'lpsymphony'
Flavor: r-patched-solaris-x86

Version: 0.0.3
Check: package dependencies
Result: NOTE
    Packages suggested but not available for checking:
     ‘gurobi’ ‘Rsymphony’ ‘lpsymphony’
Flavor: r-release-osx-x86_64

Version: 0.0.1
Check: package dependencies
Result: NOTE
    Packages suggested but not available for checking:
     ‘gurobi’ ‘Rsymphony’ ‘lpsymphony’
Flavor: r-oldrel-osx-x86_64