Last updated on 2019-04-22 01:47:50 CEST.
Flavor | Version | Tinstall | Tcheck | Ttotal | Status | Flags |
---|---|---|---|---|---|---|
r-devel-linux-x86_64-debian-clang | 0.2-0 | 1.53 | 31.35 | 32.88 | OK | |
r-devel-linux-x86_64-debian-gcc | 0.2-0 | 1.45 | 24.50 | 25.95 | OK | |
r-devel-linux-x86_64-fedora-clang | 0.2-0 | 38.58 | OK | |||
r-devel-linux-x86_64-fedora-gcc | 0.2-0 | 37.21 | OK | |||
r-devel-windows-ix86+x86_64 | 0.2-0 | 6.00 | 34.00 | 40.00 | OK | |
r-patched-linux-x86_64 | 0.2-0 | 1.64 | 31.12 | 32.76 | OK | |
r-patched-solaris-x86 | 0.2-0 | 46.60 | OK | |||
r-release-linux-x86_64 | 0.2-0 | 1.07 | 29.76 | 30.83 | OK | |
r-release-windows-ix86+x86_64 | 0.2-0 | 2.00 | 52.00 | 54.00 | OK | |
r-release-osx-x86_64 | 0.2-0 | OK | ||||
r-oldrel-windows-ix86+x86_64 | 0.2-0 | 2.00 | 49.00 | 51.00 | WARN | |
r-oldrel-osx-x86_64 | 0.2-0 | OK |
Version: 0.2-0
Check: for unstated dependencies in examples
Result: WARN
Warning in parse(file = files, n = -1L) :
invalid input found on input connection 'overture-Ex.R'
Flavor: r-oldrel-windows-ix86+x86_64