CRAN Package Check Results for Package patPRO

Last updated on 2019-04-22 01:47:51 CEST.

Flavor Version Tinstall Tcheck Ttotal Status Flags
r-devel-linux-x86_64-debian-clang 1.1.0 4.15 41.02 45.17 NOTE
r-devel-linux-x86_64-debian-gcc 1.1.0 3.13 32.46 35.59 NOTE
r-devel-linux-x86_64-fedora-clang 1.1.0 53.54 NOTE
r-devel-linux-x86_64-fedora-gcc 1.1.0 50.36 NOTE
r-devel-windows-ix86+x86_64 1.1.0 16.00 57.00 73.00 NOTE
r-patched-linux-x86_64 1.1.0 3.61 40.03 43.64 NOTE
r-patched-solaris-x86 1.1.0 81.80 NOTE
r-release-linux-x86_64 1.1.0 2.80 37.57 40.37 NOTE
r-release-windows-ix86+x86_64 1.1.0 6.00 73.00 79.00 NOTE
r-release-osx-x86_64 1.1.0 NOTE
r-oldrel-windows-ix86+x86_64 1.1.0 11.00 82.00 93.00 NOTE
r-oldrel-osx-x86_64 1.1.0 NOTE

Check Details

Version: 1.1.0
Check: DESCRIPTION meta-information
Result: NOTE
    Checking should be performed on sources prepared by 'R CMD build'.
Flavors: r-devel-linux-x86_64-debian-clang, r-devel-linux-x86_64-debian-gcc, r-devel-linux-x86_64-fedora-clang, r-devel-linux-x86_64-fedora-gcc, r-devel-windows-ix86+x86_64, r-patched-linux-x86_64, r-patched-solaris-x86, r-release-linux-x86_64, r-release-windows-ix86+x86_64, r-release-osx-x86_64, r-oldrel-windows-ix86+x86_64, r-oldrel-osx-x86_64