CRAN Package Check Results for Package pathfindR

Last updated on 2019-04-22 01:47:50 CEST.

Flavor Version Tinstall Tcheck Ttotal Status Flags
r-devel-linux-x86_64-debian-clang 1.3.0 22.73 388.53 411.26 OK
r-devel-linux-x86_64-debian-gcc 1.3.0 20.72 290.95 311.67 OK
r-devel-linux-x86_64-fedora-clang 1.3.0 465.91 NOTE
r-devel-linux-x86_64-fedora-gcc 1.3.0 450.94 NOTE
r-devel-windows-ix86+x86_64 1.3.0 204.00 631.00 835.00 NOTE
r-patched-linux-x86_64 1.3.0 22.80 369.35 392.15 OK
r-patched-solaris-x86 1.3.0 667.10 NOTE
r-release-linux-x86_64 1.3.0 17.16 358.40 375.56 OK
r-release-windows-ix86+x86_64 1.3.0 104.00 1355.00 1459.00 NOTE
r-release-osx-x86_64 1.3.0 ERROR
r-oldrel-windows-ix86+x86_64 1.3.0 246.00 1156.00 1402.00 NOTE
r-oldrel-osx-x86_64 1.3.0 ERROR

Check Details

Version: 1.3.0
Check: installed package size
Result: NOTE
     installed size is 13.7Mb
     sub-directories of 1Mb or more:
     data 2.6Mb
     doc 1.3Mb
     extdata 9.5Mb
Flavors: r-devel-linux-x86_64-fedora-clang, r-devel-windows-ix86+x86_64, r-patched-solaris-x86, r-release-windows-ix86+x86_64, r-oldrel-windows-ix86+x86_64

Version: 1.3.0
Check: dependencies in R code
Result: NOTE
    Namespace in Imports field not imported from: ‘AnnotationDbi’
     All declared Imports should be used.
Flavors: r-devel-linux-x86_64-fedora-clang, r-devel-linux-x86_64-fedora-gcc, r-patched-solaris-x86

Version: 1.3.0
Check: package dependencies
Result: ERROR
    Package required but not available: ‘pathview’
    
    See section ‘The DESCRIPTION file’ in the ‘Writing R Extensions’
    manual.
Flavor: r-release-osx-x86_64

Version: 1.3.0
Check: package dependencies
Result: ERROR
    Package required but not available: ‘org.Hs.eg.db’
    
    See section ‘The DESCRIPTION file’ in the ‘Writing R Extensions’
    manual.
Flavor: r-oldrel-osx-x86_64