CRAN Package Check Results for Package patternplot

Last updated on 2019-04-22 01:47:51 CEST.

Flavor Version Tinstall Tcheck Ttotal Status Flags
r-devel-linux-x86_64-debian-clang 0.2.1 27.26 76.75 104.01 NOTE
r-devel-linux-x86_64-debian-gcc 0.2.1 24.07 57.45 81.52 NOTE
r-devel-linux-x86_64-fedora-clang 0.2.1 137.36 NOTE
r-devel-linux-x86_64-fedora-gcc 0.2.1 127.20 NOTE
r-devel-windows-ix86+x86_64 0.2.1 89.00 120.00 209.00 NOTE
r-patched-linux-x86_64 0.2.1 32.39 72.46 104.85 NOTE
r-patched-solaris-x86 0.2.1 197.90 NOTE
r-release-linux-x86_64 0.2.1 29.28 73.65 102.93 NOTE
r-release-windows-ix86+x86_64 0.2.1 66.00 174.00 240.00 NOTE
r-release-osx-x86_64 0.2.1 NOTE
r-oldrel-windows-ix86+x86_64 0.2.1 91.00 199.00 290.00 NOTE
r-oldrel-osx-x86_64 0.2.1 NOTE

Check Details

Version: 0.2.1
Check: for GNU extensions in Makefiles
Result: NOTE
    GNU make is a SystemRequirements.
Flavors: r-devel-linux-x86_64-debian-clang, r-devel-linux-x86_64-debian-gcc, r-devel-linux-x86_64-fedora-clang, r-devel-linux-x86_64-fedora-gcc, r-devel-windows-ix86+x86_64, r-patched-linux-x86_64, r-patched-solaris-x86, r-release-linux-x86_64, r-release-windows-ix86+x86_64, r-release-osx-x86_64, r-oldrel-windows-ix86+x86_64, r-oldrel-osx-x86_64