Last updated on 2019-04-22 01:47:51 CEST.
Flavor | Version | Tinstall | Tcheck | Ttotal | Status | Flags |
---|---|---|---|---|---|---|
r-devel-linux-x86_64-debian-clang | 0.7.0 | 7.27 | 58.35 | 65.62 | OK | |
r-devel-linux-x86_64-debian-gcc | 0.7.0 | 5.07 | 45.22 | 50.29 | OK | |
r-devel-linux-x86_64-fedora-clang | 0.7.0 | 74.55 | OK | |||
r-devel-linux-x86_64-fedora-gcc | 0.7.0 | 71.05 | OK | |||
r-devel-windows-ix86+x86_64 | 0.7.0 | 22.00 | 98.00 | 120.00 | OK | |
r-patched-linux-x86_64 | 0.7.0 | 5.58 | 56.93 | 62.51 | OK | |
r-patched-solaris-x86 | 0.7.0 | 116.30 | NOTE | |||
r-release-linux-x86_64 | 0.7.0 | 5.45 | 56.70 | 62.15 | OK | |
r-release-windows-ix86+x86_64 | 0.7.0 | 11.00 | 93.00 | 104.00 | OK | |
r-release-osx-x86_64 | 0.7.0 | OK | ||||
r-oldrel-windows-ix86+x86_64 | 0.7.0 | 18.00 | 141.00 | 159.00 | OK | |
r-oldrel-osx-x86_64 | 0.7.0 | OK |
Version: 0.7.0
Check: package dependencies
Result: NOTE
Package suggested but not available for checking: ‘xgboost’
Flavor: r-patched-solaris-x86