CRAN Package Check Results for Package qclust

Last updated on 2019-04-22 01:47:53 CEST.

Flavor Version Tinstall Tcheck Ttotal Status Flags
r-devel-linux-x86_64-debian-clang 1.0 1.67 19.87 21.54 NOTE
r-devel-linux-x86_64-debian-gcc 1.0 1.49 16.13 17.62 NOTE
r-devel-linux-x86_64-fedora-clang 1.0 26.33 NOTE
r-devel-linux-x86_64-fedora-gcc 1.0 24.76 NOTE
r-devel-windows-ix86+x86_64 1.0 7.00 29.00 36.00 NOTE
r-patched-linux-x86_64 1.0 1.60 19.99 21.59 NOTE
r-patched-solaris-x86 1.0 42.30 NOTE
r-release-linux-x86_64 1.0 0.75 18.89 19.64 NOTE
r-release-windows-ix86+x86_64 1.0 2.00 46.00 48.00 NOTE
r-release-osx-x86_64 1.0 NOTE
r-oldrel-windows-ix86+x86_64 1.0 2.00 48.00 50.00 NOTE
r-oldrel-osx-x86_64 1.0 NOTE

Check Details

Version: 1.0
Check: R code for possible problems
Result: NOTE
    dmm_fn: no visible global function definition for 'dnorm'
    dmm_noweights_fn: no visible global function definition for 'dnorm'
    Undefined global functions or variables:
     dnorm
    Consider adding
     importFrom("stats", "dnorm")
    to your NAMESPACE file.
Flavors: r-devel-linux-x86_64-debian-clang, r-devel-linux-x86_64-debian-gcc, r-devel-linux-x86_64-fedora-clang, r-devel-linux-x86_64-fedora-gcc, r-devel-windows-ix86+x86_64, r-patched-linux-x86_64, r-patched-solaris-x86, r-release-linux-x86_64, r-release-windows-ix86+x86_64, r-release-osx-x86_64, r-oldrel-windows-ix86+x86_64, r-oldrel-osx-x86_64