Last updated on 2019-04-22 01:47:53 CEST.
Flavor | Version | Tinstall | Tcheck | Ttotal | Status | Flags |
---|---|---|---|---|---|---|
r-devel-linux-x86_64-debian-clang | 0.2.3 | 2.91 | 38.97 | 41.88 | OK | |
r-devel-linux-x86_64-debian-gcc | 0.2.3 | 2.72 | 30.66 | 33.38 | OK | |
r-devel-linux-x86_64-fedora-clang | 0.2.3 | 50.11 | NOTE | |||
r-devel-linux-x86_64-fedora-gcc | 0.2.3 | 47.84 | NOTE | |||
r-devel-windows-ix86+x86_64 | 0.2.3 | 12.00 | 51.00 | 63.00 | OK | |
r-patched-linux-x86_64 | 0.2.3 | 3.43 | 37.81 | 41.24 | OK | |
r-patched-solaris-x86 | 0.2.3 | 74.40 | NOTE | |||
r-release-linux-x86_64 | 0.2.3 | 2.35 | 37.73 | 40.08 | OK | |
r-release-windows-ix86+x86_64 | 0.2.3 | 6.00 | 72.00 | 78.00 | OK | |
r-release-osx-x86_64 | 0.2.3 | NOTE | ||||
r-oldrel-windows-ix86+x86_64 | 0.2.3 | 13.00 | 77.00 | 90.00 | OK | |
r-oldrel-osx-x86_64 | 0.2.3 | NOTE |
Version: 0.2.3
Check: data for non-ASCII characters
Result: NOTE
Note: found 6 marked UTF-8 strings
Flavors: r-devel-linux-x86_64-fedora-clang, r-devel-linux-x86_64-fedora-gcc, r-patched-solaris-x86, r-release-osx-x86_64, r-oldrel-osx-x86_64