Last updated on 2019-04-22 01:47:53 CEST.
Flavor | Version | Tinstall | Tcheck | Ttotal | Status | Flags |
---|---|---|---|---|---|---|
r-devel-linux-x86_64-debian-clang | 0.7.0 | 1.40 | 22.02 | 23.42 | OK | |
r-devel-linux-x86_64-debian-gcc | 0.7.0 | 1.30 | 17.59 | 18.89 | OK | |
r-devel-linux-x86_64-fedora-clang | 0.7.0 | 28.65 | OK | |||
r-devel-linux-x86_64-fedora-gcc | 0.7.0 | 27.73 | OK | |||
r-devel-windows-ix86+x86_64 | 0.7.0 | 7.00 | 34.00 | 41.00 | OK | |
r-patched-linux-x86_64 | 0.7.0 | 1.50 | 21.68 | 23.18 | OK | |
r-patched-solaris-x86 | 0.7.0 | 44.80 | OK | |||
r-release-linux-x86_64 | 0.7.0 | 0.88 | 20.67 | 21.55 | NOTE | |
r-release-windows-ix86+x86_64 | 0.7.0 | 2.00 | 48.00 | 50.00 | OK | |
r-release-osx-x86_64 | 0.7.0 | OK | ||||
r-oldrel-windows-ix86+x86_64 | 0.7.0 | 3.00 | 48.00 | 51.00 | OK | |
r-oldrel-osx-x86_64 | 0.7.0 | OK |
Version: 0.7.0
Check: DESCRIPTION meta-information
Result: NOTE
Dependence on R version ‘3.3.2’ not with patchlevel 0
Flavor: r-release-linux-x86_64