Last updated on 2019-04-22 01:47:55 CEST.
Flavor | Version | Tinstall | Tcheck | Ttotal | Status | Flags |
---|---|---|---|---|---|---|
r-devel-linux-x86_64-debian-clang | 0.1.6 | 148.34 | 66.38 | 214.72 | OK | |
r-devel-linux-x86_64-debian-gcc | 0.1.6 | 119.55 | 72.94 | 192.49 | OK | |
r-devel-linux-x86_64-fedora-clang | 0.1.6 | 315.45 | NOTE | |||
r-devel-linux-x86_64-fedora-gcc | 0.1.6 | 279.44 | OK | |||
r-devel-windows-ix86+x86_64 | 0.1.6 | 355.00 | 107.00 | 462.00 | OK | |
r-patched-linux-x86_64 | 0.1.6 | 146.65 | 65.31 | 211.96 | OK | |
r-patched-solaris-x86 | 0.1.6 | 269.80 | OK | |||
r-release-linux-x86_64 | 0.1.6 | 151.10 | 66.02 | 217.12 | OK | |
r-release-windows-ix86+x86_64 | 0.1.6 | 257.00 | 142.00 | 399.00 | OK | |
r-release-osx-x86_64 | 0.1.6 | NOTE | ||||
r-oldrel-windows-ix86+x86_64 | 0.1.6 | 348.00 | 151.00 | 499.00 | OK | |
r-oldrel-osx-x86_64 | 0.1.6 | NOTE |
Version: 0.1.6
Check: installed package size
Result: NOTE
installed size is 20.1Mb
sub-directories of 1Mb or more:
libs 19.5Mb
Flavors: r-devel-linux-x86_64-fedora-clang, r-release-osx-x86_64, r-oldrel-osx-x86_64