Last updated on 2019-04-22 01:47:55 CEST.
Flavor | Version | Tinstall | Tcheck | Ttotal | Status | Flags |
---|---|---|---|---|---|---|
r-devel-linux-x86_64-debian-clang | 0.0.0 | 2.50 | 24.92 | 27.42 | NOTE | |
r-devel-linux-x86_64-debian-gcc | 0.0.0 | 2.01 | 20.61 | 22.62 | NOTE | |
r-devel-linux-x86_64-fedora-clang | 0.0.0 | 33.17 | NOTE | |||
r-devel-linux-x86_64-fedora-gcc | 0.0.0 | 32.02 | NOTE | |||
r-devel-windows-ix86+x86_64 | 0.0.0 | 8.00 | 39.00 | 47.00 | NOTE | |
r-patched-linux-x86_64 | 0.0.0 | 2.52 | 25.30 | 27.82 | NOTE | |
r-patched-solaris-x86 | 0.0.0 | 54.10 | NOTE | |||
r-release-linux-x86_64 | 0.0.0 | 1.47 | 24.25 | 25.72 | NOTE | |
r-release-windows-ix86+x86_64 | 0.0.0 | 3.00 | 36.00 | 39.00 | NOTE | |
r-release-osx-x86_64 | 0.0.0 | NOTE | ||||
r-oldrel-windows-ix86+x86_64 | 0.0.0 | 5.00 | 33.00 | 38.00 | NOTE | |
r-oldrel-osx-x86_64 | 0.0.0 | NOTE |
Version: 0.0.0
Check: R code for possible problems
Result: NOTE
FDSNGetTimeSeries: no visible global function definition for
'download.file'
Undefined global functions or variables:
download.file
Consider adding
importFrom("utils", "download.file")
to your NAMESPACE file.
Flavors: r-devel-linux-x86_64-debian-clang, r-devel-linux-x86_64-debian-gcc, r-devel-linux-x86_64-fedora-clang, r-devel-linux-x86_64-fedora-gcc, r-devel-windows-ix86+x86_64, r-patched-linux-x86_64, r-patched-solaris-x86, r-release-linux-x86_64, r-release-windows-ix86+x86_64, r-release-osx-x86_64, r-oldrel-windows-ix86+x86_64, r-oldrel-osx-x86_64