CRAN Package Check Results for Package rIsing

Last updated on 2019-04-22 01:47:55 CEST.

Flavor Version Tinstall Tcheck Ttotal Status Flags
r-devel-linux-x86_64-debian-clang 0.1.0 32.70 26.14 58.84 OK
r-devel-linux-x86_64-debian-gcc 0.1.0 26.35 21.12 47.47 OK
r-devel-linux-x86_64-fedora-clang 0.1.0 81.66 NOTE
r-devel-linux-x86_64-fedora-gcc 0.1.0 74.26 NOTE
r-devel-windows-ix86+x86_64 0.1.0 73.00 53.00 126.00 OK
r-patched-linux-x86_64 0.1.0 27.90 26.31 54.21 OK
r-patched-solaris-x86 0.1.0 83.00 OK
r-release-linux-x86_64 0.1.0 31.61 25.23 56.84 OK
r-release-windows-ix86+x86_64 0.1.0 51.00 73.00 124.00 OK
r-release-osx-x86_64 0.1.0 NOTE
r-oldrel-windows-ix86+x86_64 0.1.0 69.00 74.00 143.00 OK
r-oldrel-osx-x86_64 0.1.0 NOTE

Check Details

Version: 0.1.0
Check: installed package size
Result: NOTE
     installed size is 11.5Mb
     sub-directories of 1Mb or more:
     libs 11.4Mb
Flavors: r-devel-linux-x86_64-fedora-clang, r-release-osx-x86_64, r-oldrel-osx-x86_64

Version: 0.1.0
Check: compiled code
Result: NOTE
    File ‘rIsing/libs/rIsing.so’:
     Found no calls to: ‘R_registerRoutines’, ‘R_useDynamicSymbols’
    
    It is good practice to register native routines and to disable symbol
    search.
    
    See ‘Writing portable packages’ in the ‘Writing R Extensions’ manual.
Flavors: r-devel-linux-x86_64-fedora-clang, r-devel-linux-x86_64-fedora-gcc