Last updated on 2019-04-22 01:47:53 CEST.
Flavor | Version | Tinstall | Tcheck | Ttotal | Status | Flags |
---|---|---|---|---|---|---|
r-devel-linux-x86_64-debian-clang | 1.17.1 | 10.00 | 57.75 | 67.75 | OK | |
r-devel-linux-x86_64-debian-gcc | 1.17.1 | 8.39 | 44.49 | 52.88 | OK | |
r-devel-linux-x86_64-fedora-clang | 1.30.0 | 91.38 | OK | |||
r-devel-linux-x86_64-fedora-gcc | 1.30.0 | 83.43 | OK | |||
r-devel-windows-ix86+x86_64 | 1.17.1 | 40.00 | 96.00 | 136.00 | WARN | |
r-patched-linux-x86_64 | 1.17.1 | 9.98 | 55.99 | 65.97 | OK | |
r-patched-solaris-x86 | 1.30.0 | 122.80 | OK | |||
r-release-linux-x86_64 | 1.17.1 | 8.51 | 52.04 | 60.55 | OK | |
r-release-windows-ix86+x86_64 | 1.30.0 | 35.00 | 102.00 | 137.00 | OK | |
r-release-osx-x86_64 | 1.17.1 | OK | ||||
r-oldrel-windows-ix86+x86_64 | 1.17.1 | 23.00 | 142.00 | 165.00 | OK | |
r-oldrel-osx-x86_64 | 1.17.1 | OK |
Version: 1.17.1
Check: whether package can be installed
Result: WARN
Found the following significant warnings:
congruRand.c:180:3: warning: ISO C does not support the 'I64' ms_scanf length modifier [-Wformat=]
congruRand.c:187:2: warning: ISO C does not support the 'I64' ms_scanf length modifier [-Wformat=]
congruRand.c:188:2: warning: ISO C does not support the 'I64' ms_scanf length modifier [-Wformat=]
congruRand.c:189:2: warning: ISO C does not support the 'I64' ms_scanf length modifier [-Wformat=]
Flavor: r-devel-windows-ix86+x86_64