CRAN Package Check Results for Package rdwd

Last updated on 2019-04-22 01:47:54 CEST.

Flavor Version Tinstall Tcheck Ttotal Status Flags
r-devel-linux-x86_64-debian-clang 1.0.0 9.83 71.10 80.93 OK
r-devel-linux-x86_64-debian-gcc 1.0.0 8.66 56.13 64.79 OK
r-devel-linux-x86_64-fedora-clang 1.0.0 102.46 NOTE
r-devel-linux-x86_64-fedora-gcc 1.0.0 95.05 OK
r-devel-windows-ix86+x86_64 1.0.0 26.00 71.00 97.00 NOTE
r-patched-linux-x86_64 1.0.0 9.14 69.61 78.75 OK
r-patched-solaris-x86 1.0.0 142.70 NOTE
r-release-linux-x86_64 1.0.0 6.89 62.76 69.65 OK
r-release-windows-ix86+x86_64 1.0.0 12.00 92.00 104.00 NOTE
r-release-osx-x86_64 1.0.0 NOTE
r-oldrel-windows-ix86+x86_64 1.0.0 11.00 94.00 105.00 NOTE
r-oldrel-osx-x86_64 1.0.0 NOTE

Check Details

Version: 1.0.0
Check: installed package size
Result: NOTE
     installed size is 6.2Mb
     sub-directories of 1Mb or more:
     R 2.0Mb
     doc 3.1Mb
Flavors: r-devel-linux-x86_64-fedora-clang, r-devel-windows-ix86+x86_64, r-patched-solaris-x86, r-release-windows-ix86+x86_64, r-release-osx-x86_64, r-oldrel-windows-ix86+x86_64, r-oldrel-osx-x86_64