Last updated on 2019-04-22 01:47:54 CEST.
Flavor | Version | Tinstall | Tcheck | Ttotal | Status | Flags |
---|---|---|---|---|---|---|
r-devel-linux-x86_64-debian-clang | 0.1.0 | 15.06 | 110.63 | 125.69 | OK | |
r-devel-linux-x86_64-debian-gcc | 0.1.0 | 12.03 | 84.71 | 96.74 | OK | |
r-devel-linux-x86_64-fedora-clang | 0.1.0 | 152.19 | NOTE | |||
r-devel-linux-x86_64-fedora-gcc | 0.1.0 | 140.13 | NOTE | |||
r-devel-windows-ix86+x86_64 | 0.1.0 | 39.00 | 107.00 | 146.00 | OK | |
r-patched-linux-x86_64 | 0.1.0 | 13.20 | 106.36 | 119.56 | OK | |
r-patched-solaris-x86 | 0.1.0 | 219.30 | NOTE | |||
r-release-linux-x86_64 | 0.1.0 | 9.13 | 104.83 | 113.96 | OK | |
r-release-windows-ix86+x86_64 | 0.1.0 | 19.00 | 161.00 | 180.00 | OK | |
r-release-osx-x86_64 | 0.1.0 | NOTE | ||||
r-oldrel-osx-x86_64 | 0.1.0 | ERROR |
Version: 0.1.0
Check: dependencies in R code
Result: NOTE
Namespaces in Imports field not imported from:
‘rlang’ ‘spatstat’
All declared Imports should be used.
Flavors: r-devel-linux-x86_64-fedora-clang, r-devel-linux-x86_64-fedora-gcc, r-patched-solaris-x86, r-release-osx-x86_64
Version: 0.1.0
Check: whether package can be installed
Result: ERROR
Installation failed.
Flavor: r-oldrel-osx-x86_64