Last updated on 2019-04-22 01:47:55 CEST.
Flavor | Version | Tinstall | Tcheck | Ttotal | Status | Flags |
---|---|---|---|---|---|---|
r-devel-linux-x86_64-debian-clang | 0.6-8 | 9.30 | 72.67 | 81.97 | OK | |
r-devel-linux-x86_64-debian-gcc | 0.6-8 | 7.76 | 55.90 | 63.66 | OK | |
r-devel-linux-x86_64-fedora-clang | 0.6-8 | 100.63 | NOTE | |||
r-devel-linux-x86_64-fedora-gcc | 0.6-8 | 94.29 | NOTE | |||
r-devel-windows-ix86+x86_64 | 0.6-8 | 18.00 | 84.00 | 102.00 | NOTE | |
r-patched-linux-x86_64 | 0.6-8 | 8.82 | 71.20 | 80.02 | OK | |
r-patched-solaris-x86 | 0.6-8 | 129.30 | NOTE | |||
r-release-linux-x86_64 | 0.6-8 | 9.93 | 70.30 | 80.23 | OK | |
r-release-windows-ix86+x86_64 | 0.6-8 | 12.00 | 118.00 | 130.00 | NOTE | |
r-release-osx-x86_64 | 0.6-8 | NOTE | ||||
r-oldrel-windows-ix86+x86_64 | 0.6-8 | 5.00 | 129.00 | 134.00 | NOTE | |
r-oldrel-osx-x86_64 | 0.6-8 | NOTE |
Version: 0.6-8
Check: package dependencies
Result: NOTE
Package which this enhances but not available for checking: ‘Rcplex’
Flavors: r-devel-linux-x86_64-fedora-clang, r-devel-linux-x86_64-fedora-gcc, r-devel-windows-ix86+x86_64, r-release-windows-ix86+x86_64, r-oldrel-windows-ix86+x86_64
Version: 0.6-8
Check: package dependencies
Result: NOTE
Package suggested but not available for checking: ‘Rsymphony’
Package which this enhances but not available for checking: ‘Rcplex’
Flavors: r-patched-solaris-x86, r-release-osx-x86_64, r-oldrel-osx-x86_64