CRAN Package Check Results for Package riskRegression

Last updated on 2019-04-22 01:47:55 CEST.

Flavor Version Tinstall Tcheck Ttotal Status Flags
r-devel-linux-x86_64-debian-clang 2019.01.29 158.91 359.85 518.76 OK
r-devel-linux-x86_64-debian-gcc 2019.01.29 126.92 326.11 453.03 OK
r-devel-linux-x86_64-fedora-clang 2019.01.29 620.37 NOTE
r-devel-linux-x86_64-fedora-gcc 2019.01.29 576.21 OK
r-devel-windows-ix86+x86_64 2019.01.29 397.00 466.00 863.00 OK
r-patched-linux-x86_64 2019.01.29 151.53 345.66 497.19 OK
r-patched-solaris-x86 2019.01.29 674.70 OK
r-release-linux-x86_64 2019.01.29 143.84 353.03 496.87 OK
r-release-windows-ix86+x86_64 2019.01.29 296.00 471.00 767.00 OK
r-release-osx-x86_64 2019.01.29 NOTE
r-oldrel-windows-ix86+x86_64 2019.01.29 373.00 788.00 1161.00 OK
r-oldrel-osx-x86_64 2019.01.29 NOTE

Check Details

Version: 2019.01.29
Check: installed package size
Result: NOTE
     installed size is 7.0Mb
     sub-directories of 1Mb or more:
     libs 6.0Mb
Flavors: r-devel-linux-x86_64-fedora-clang, r-release-osx-x86_64, r-oldrel-osx-x86_64