Last updated on 2019-04-22 01:47:56 CEST.
Flavor | Version | Tinstall | Tcheck | Ttotal | Status | Flags |
---|---|---|---|---|---|---|
r-devel-linux-x86_64-debian-clang | 0.5.2 | 3.97 | 52.46 | 56.43 | OK | |
r-devel-linux-x86_64-debian-gcc | 0.5.2 | 3.31 | 41.90 | 45.21 | OK | |
r-devel-linux-x86_64-fedora-clang | 0.5.2 | 63.54 | OK | |||
r-devel-linux-x86_64-fedora-gcc | 0.5.2 | WARN | ||||
r-devel-windows-ix86+x86_64 | 0.5.2 | 19.00 | 160.00 | 179.00 | OK | |
r-patched-linux-x86_64 | 0.5.2 | 4.05 | 53.83 | 57.88 | OK | |
r-patched-solaris-x86 | 0.5.2 | 90.60 | OK | |||
r-release-linux-x86_64 | 0.5.2 | 2.04 | 52.33 | 54.37 | OK | |
r-release-windows-ix86+x86_64 | 0.5.2 | 6.00 | 169.00 | 175.00 | OK | |
r-release-osx-x86_64 | 0.5.2 | OK | ||||
r-oldrel-windows-ix86+x86_64 | 0.5.2 | 11.00 | 181.00 | 192.00 | OK | |
r-oldrel-osx-x86_64 | 0.5.2 | OK |
Version: 0.5.2
Check: re-building of vignette outputs
Result: WARN
Error(s) in re-building vignettes:
--- re-building ‘intro.Rmd’ using rmarkdown
Quitting from lines 148-155 (intro.Rmd)
Error: processing vignette 'intro.Rmd' failed with diagnostics:
Timeout was reached: Connection timed out after 10000 milliseconds
--- failed re-building ‘intro.Rmd’
SUMMARY: processing the following file failed:
‘intro.Rmd’
Error: Vignette re-building failed.
Execution halted
Flavor: r-devel-linux-x86_64-fedora-gcc