CRAN Package Check Results for Package rtrek

Last updated on 2019-04-22 01:47:57 CEST.

Flavor Version Tinstall Tcheck Ttotal Status Flags
r-devel-linux-x86_64-debian-clang 0.2.0 4.85 63.39 68.24 OK
r-devel-linux-x86_64-debian-gcc 0.2.0 4.05 49.87 53.92 OK
r-devel-linux-x86_64-fedora-clang 0.2.0 73.13 NOTE
r-devel-linux-x86_64-fedora-gcc 0.2.0 72.60 NOTE
r-devel-windows-ix86+x86_64 0.2.0 15.00 111.00 126.00 OK
r-patched-linux-x86_64 0.2.0 4.90 62.87 67.77 OK
r-patched-solaris-x86 0.2.0 90.50 WARN
r-release-linux-x86_64 0.2.0 2.76 61.00 63.76 OK
r-release-windows-ix86+x86_64 0.2.0 7.00 84.00 91.00 OK
r-release-osx-x86_64 0.2.0 WARN
r-oldrel-windows-ix86+x86_64 0.2.0 12.00 113.00 125.00 OK
r-oldrel-osx-x86_64 0.2.0 WARN

Check Details

Version: 0.2.0
Check: dependencies in R code
Result: NOTE
    Namespaces in Imports field not imported from:
     ‘memoise’ ‘tidyr’
     All declared Imports should be used.
Flavors: r-devel-linux-x86_64-fedora-clang, r-devel-linux-x86_64-fedora-gcc, r-patched-solaris-x86, r-release-osx-x86_64, r-oldrel-osx-x86_64

Version: 0.2.0
Check: data for non-ASCII characters
Result: NOTE
     Note: found 988 marked UTF-8 strings
Flavors: r-devel-linux-x86_64-fedora-clang, r-devel-linux-x86_64-fedora-gcc, r-patched-solaris-x86, r-release-osx-x86_64, r-oldrel-osx-x86_64

Version: 0.2.0
Check: re-building of vignette outputs
Result: WARN
    Error(s) in re-building vignettes:
     ...
    --- re-building ‘rtrek.Rmd’ using rmarkdown
    Warning in engine$weave(file, quiet = quiet, encoding = enc) :
     Pandoc (>= 1.12.3) and/or pandoc-citeproc not available. Falling back to R Markdown v1.
    Warning in block_exec(params) :
     Failed to tidy R code in chunk 'pkg_data'. Reason:
    Error in loadNamespace(name) : there is no package called 'formatR'
    
    Warning in block_exec(params) :
     Failed to tidy R code in chunk 'stBooksWiki'. Reason:
    Error in loadNamespace(name) : there is no package called 'formatR'
    
    Warning in block_exec(params) :
     Failed to tidy R code in chunk 'st_books_wiki'. Reason:
    Error in loadNamespace(name) : there is no package called 'formatR'
    
    Warning in block_exec(params) :
     Failed to tidy R code in chunk 'st_books_wiki2'. Reason:
    Error in loadNamespace(name) : there is no package called 'formatR'
    
    Warning in block_exec(params) :
     Failed to tidy R code in chunk 'stBooks'. Reason:
    Error in loadNamespace(name) : there is no package called 'formatR'
    
    Warning in block_exec(params) :
     Failed to tidy R code in chunk 'stSeries'. Reason:
    Error in loadNamespace(name) : there is no package called 'formatR'
    
    Warning in block_exec(params) :
     Failed to tidy R code in chunk 'stTiles'. Reason:
    Error in loadNamespace(name) : there is no package called 'formatR'
    
    Warning in block_exec(params) :
     Failed to tidy R code in chunk 'stGeo'. Reason:
    Error in loadNamespace(name) : there is no package called 'formatR'
    
    Warning in block_exec(params) :
     Failed to tidy R code in chunk 'tile_coords'. Reason:
    Error in loadNamespace(name) : there is no package called 'formatR'
    
    Quitting from lines 105-110 (rtrek.Rmd)
    Error: processing vignette 'rtrek.Rmd' failed with diagnostics:
    there is no package called 'webshot'
    --- failed re-building ‘rtrek.Rmd’
    
    SUMMARY: processing the following file failed:
     ‘rtrek.Rmd’
    
    Error: Vignette re-building failed.
    Execution halted
Flavor: r-patched-solaris-x86

Version: 0.2.0
Check: re-building of vignette outputs
Result: WARN
    Error in re-building vignettes:
     ...
    Warning in engine$weave(file, quiet = quiet, encoding = enc) :
     Pandoc (>= 1.12.3) and/or pandoc-citeproc not available. Falling back to R Markdown v1.
    PhantomJS not found. You can install it with webshot::install_phantomjs(). If it is installed, please make sure the phantomjs executable can be found via the PATH variable.
    Warning in normalizePath(f2) :
     path[1]="./webshot185cf1e31ca10.png": No such file or directory
    Warning in file(con, "rb") :
     cannot open file './webshot185cf1e31ca10.png': No such file or directory
    Quitting from lines 105-110 (rtrek.Rmd)
    Error: processing vignette 'rtrek.Rmd' failed with diagnostics:
    cannot open the connection
    Execution halted
Flavor: r-release-osx-x86_64

Version: 0.2.0
Check: re-building of vignette outputs
Result: WARN
    Error in re-building vignettes:
     ...
    Warning in engine$weave(file, quiet = quiet, encoding = enc) :
     Pandoc (>= 1.12.3) and/or pandoc-citeproc not available. Falling back to R Markdown v1.
    PhantomJS not found. You can install it with webshot::install_phantomjs(). If it is installed, please make sure the phantomjs executable can be found via the PATH variable.
    Warning in normalizePath(f2) :
     path[1]="./webshot725f70a7e51.png": No such file or directory
    Warning in file(con, "rb") :
     cannot open file './webshot725f70a7e51.png': No such file or directory
    Quitting from lines 105-110 (rtrek.Rmd)
    Error: processing vignette 'rtrek.Rmd' failed with diagnostics:
    cannot open the connection
    Execution halted
Flavor: r-oldrel-osx-x86_64