Last updated on 2019-04-22 01:47:57 CEST.
Flavor | Version | Tinstall | Tcheck | Ttotal | Status | Flags |
---|---|---|---|---|---|---|
r-devel-linux-x86_64-debian-clang | 0.1-1 | 8.39 | 43.95 | 52.34 | NOTE | |
r-devel-linux-x86_64-debian-gcc | 0.1-1 | 7.75 | 34.32 | 42.07 | NOTE | |
r-devel-linux-x86_64-fedora-clang | 0.1-1 | 61.87 | NOTE | |||
r-devel-linux-x86_64-fedora-gcc | 0.1-1 | 59.13 | NOTE | |||
r-devel-windows-ix86+x86_64 | 0.1-1 | 17.00 | 46.00 | 63.00 | NOTE | |
r-patched-linux-x86_64 | 0.1-1 | 7.60 | 44.67 | 52.27 | NOTE | |
r-patched-solaris-x86 | 0.1-1 | 79.40 | NOTE | |||
r-release-linux-x86_64 | 0.1-1 | 6.22 | 41.37 | 47.59 | NOTE | |
r-release-windows-ix86+x86_64 | 0.1-1 | 10.00 | 72.00 | 82.00 | NOTE | |
r-release-osx-x86_64 | 0.1-1 | NOTE | ||||
r-oldrel-windows-ix86+x86_64 | 0.1-1 | 3.00 | 70.00 | 73.00 | NOTE | |
r-oldrel-osx-x86_64 | 0.1-1 | NOTE |
Version: 0.1-1
Check: R code for possible problems
Result: NOTE
eblupDyn: no visible global function definition for 'model.frame'
eblupDyn: no visible global function definition for 'model.matrix'
eblupDyn: no visible global function definition for 'pnorm'
eblupRY: no visible global function definition for 'model.frame'
eblupRY: no visible global function definition for 'model.matrix'
eblupRY: no visible global function definition for 'pnorm'
Undefined global functions or variables:
model.frame model.matrix pnorm
Consider adding
importFrom("stats", "model.frame", "model.matrix", "pnorm")
to your NAMESPACE file.
Flavors: r-devel-linux-x86_64-debian-clang, r-devel-linux-x86_64-debian-gcc, r-devel-linux-x86_64-fedora-clang, r-devel-linux-x86_64-fedora-gcc, r-devel-windows-ix86+x86_64, r-patched-linux-x86_64, r-patched-solaris-x86, r-release-linux-x86_64, r-release-windows-ix86+x86_64, r-release-osx-x86_64, r-oldrel-windows-ix86+x86_64, r-oldrel-osx-x86_64