Last updated on 2019-04-22 01:47:57 CEST.
Flavor | Version | Tinstall | Tcheck | Ttotal | Status | Flags |
---|---|---|---|---|---|---|
r-devel-linux-x86_64-debian-clang | 1.0 | 5.14 | 171.14 | 176.28 | OK | |
r-devel-linux-x86_64-debian-gcc | 1.0 | 4.75 | 130.88 | 135.63 | OK | |
r-devel-linux-x86_64-fedora-clang | 1.0 | 201.13 | NOTE | |||
r-devel-linux-x86_64-fedora-gcc | 1.0 | 197.02 | NOTE | |||
r-devel-windows-ix86+x86_64 | 1.0 | 16.00 | 145.00 | 161.00 | OK | |
r-patched-linux-x86_64 | 1.0 | 5.12 | 171.06 | 176.18 | OK | |
r-patched-solaris-x86 | 1.0 | 244.90 | NOTE | |||
r-release-linux-x86_64 | 1.0 | 4.39 | 157.14 | 161.53 | OK | |
r-release-windows-ix86+x86_64 | 1.0 | 9.00 | 163.00 | 172.00 | OK | |
r-release-osx-x86_64 | 1.0 | NOTE | ||||
r-oldrel-windows-ix86+x86_64 | 1.0 | 16.00 | 228.00 | 244.00 | OK | |
r-oldrel-osx-x86_64 | 1.0 | NOTE |
Version: 1.0
Check: dependencies in R code
Result: NOTE
Namespace in Imports field not imported from: ‘gridExtra’
All declared Imports should be used.
Flavors: r-devel-linux-x86_64-fedora-clang, r-devel-linux-x86_64-fedora-gcc, r-patched-solaris-x86, r-release-osx-x86_64, r-oldrel-osx-x86_64