Last updated on 2019-04-22 01:47:57 CEST.
Flavor | Version | Tinstall | Tcheck | Ttotal | Status | Flags |
---|---|---|---|---|---|---|
r-devel-linux-x86_64-debian-clang | 1.1 | 3.66 | 32.36 | 36.02 | OK | |
r-devel-linux-x86_64-debian-gcc | 1.1 | 2.87 | 26.11 | 28.98 | OK | |
r-devel-linux-x86_64-fedora-clang | 1.1 | 42.29 | NOTE | |||
r-devel-linux-x86_64-fedora-gcc | 1.1 | 39.67 | NOTE | |||
r-devel-windows-ix86+x86_64 | 1.1 | 10.00 | 41.00 | 51.00 | OK | |
r-patched-linux-x86_64 | 1.1 | 2.93 | 31.67 | 34.60 | OK | |
r-patched-solaris-x86 | 1.1 | 64.40 | NOTE | |||
r-release-linux-x86_64 | 1.1 | 1.53 | 30.13 | 31.66 | OK | |
r-release-windows-ix86+x86_64 | 1.1 | 4.00 | 56.00 | 60.00 | OK | |
r-release-osx-x86_64 | 1.1 | NOTE | ||||
r-oldrel-windows-ix86+x86_64 | 1.1 | 4.00 | 57.00 | 61.00 | OK | |
r-oldrel-osx-x86_64 | 1.1 | NOTE |
Version: 1.1
Check: data for non-ASCII characters
Result: NOTE
Note: found 1 marked UTF-8 string
Flavors: r-devel-linux-x86_64-fedora-clang, r-devel-linux-x86_64-fedora-gcc, r-patched-solaris-x86, r-release-osx-x86_64, r-oldrel-osx-x86_64