CRAN Package Check Results for Package segmag

Last updated on 2019-04-22 01:47:58 CEST.

Flavor Version Tinstall Tcheck Ttotal Status Flags
r-devel-linux-x86_64-debian-clang 1.2.4 17.62 25.45 43.07 OK
r-devel-linux-x86_64-debian-gcc 1.2.4 14.57 20.67 35.24 OK
r-devel-linux-x86_64-fedora-clang 1.2.4 63.03 NOTE
r-devel-linux-x86_64-fedora-gcc 1.2.4 55.92 NOTE
r-devel-windows-ix86+x86_64 1.2.4 51.00 53.00 104.00 OK
r-patched-linux-x86_64 1.2.4 16.28 25.72 42.00 OK
r-patched-solaris-x86 1.2.4 72.90 OK
r-release-linux-x86_64 1.2.4 15.66 24.34 40.00 OK
r-release-windows-ix86+x86_64 1.2.4 39.00 73.00 112.00 OK
r-release-osx-x86_64 1.2.4 OK
r-oldrel-windows-ix86+x86_64 1.2.4 38.00 72.00 110.00 OK
r-oldrel-osx-x86_64 1.2.4 OK

Check Details

Version: 1.2.4
Check: compiled code
Result: NOTE
    File ‘segmag/libs/segmag.so’:
     Found no calls to: ‘R_registerRoutines’, ‘R_useDynamicSymbols’
    
    It is good practice to register native routines and to disable symbol
    search.
    
    See ‘Writing portable packages’ in the ‘Writing R Extensions’ manual.
Flavors: r-devel-linux-x86_64-fedora-clang, r-devel-linux-x86_64-fedora-gcc