CRAN Package Check Results for Package seqinr

Last updated on 2019-04-22 01:47:58 CEST.

Flavor Version Tinstall Tcheck Ttotal Status Flags
r-devel-linux-x86_64-debian-clang 3.4-5 13.30 103.33 116.63 OK
r-devel-linux-x86_64-debian-gcc 3.4-5 10.06 82.31 92.37 OK
r-devel-linux-x86_64-fedora-clang 3.4-5 138.37 NOTE
r-devel-linux-x86_64-fedora-gcc 3.4-5 134.64 OK
r-devel-windows-ix86+x86_64 3.4-5 35.00 153.00 188.00 NOTE
r-patched-linux-x86_64 3.4-5 11.55 103.23 114.78 OK
r-patched-solaris-x86 3.4-5 196.80 NOTE
r-release-linux-x86_64 3.4-5 11.47 90.13 101.60 OK
r-release-windows-ix86+x86_64 3.4-5 25.00 186.00 211.00 NOTE
r-release-osx-x86_64 3.4-5 NOTE
r-oldrel-windows-ix86+x86_64 3.4-5 20.00 190.00 210.00 NOTE
r-oldrel-osx-x86_64 3.4-5 NOTE

Check Details

Version: 3.4-5
Check: installed package size
Result: NOTE
     installed size is 5.5Mb
     sub-directories of 1Mb or more:
     data 1.4Mb
     sequences 1.9Mb
Flavors: r-devel-linux-x86_64-fedora-clang, r-devel-windows-ix86+x86_64, r-patched-solaris-x86, r-release-windows-ix86+x86_64, r-release-osx-x86_64, r-oldrel-windows-ix86+x86_64, r-oldrel-osx-x86_64