CRAN Package Check Results for Package sgt

Last updated on 2019-04-22 01:47:58 CEST.

Flavor Version Tinstall Tcheck Ttotal Status Flags
r-devel-linux-x86_64-debian-clang 2.0 2.57 44.22 46.79 OK
r-devel-linux-x86_64-debian-gcc 2.0 1.84 34.58 36.42 OK
r-devel-linux-x86_64-fedora-clang 2.0 58.92 OK
r-devel-linux-x86_64-fedora-gcc 2.0 56.80 OK
r-devel-windows-ix86+x86_64 2.0 8.00 61.00 69.00 OK
r-patched-linux-x86_64 2.0 2.30 43.12 45.42 OK
r-patched-solaris-x86 2.0 81.60 OK
r-release-linux-x86_64 2.0 1.98 42.40 44.38 OK
r-release-windows-ix86+x86_64 2.0 3.00 78.00 81.00 OK
r-release-osx-x86_64 2.0 OK
r-oldrel-windows-ix86+x86_64 2.0 2.00 79.00 81.00 OK
r-oldrel-osx-x86_64 2.0 WARN

Check Details

Version: 2.0
Check: re-building of vignette outputs
Result: WARN
    Error in re-building vignettes:
     ...
    Error in texi2dvi(file = file, pdf = TRUE, clean = clean, quiet = quiet, :
     Running 'texi2dvi' on 'sgt.tex' failed.
    LaTeX errors:
    ! LaTeX Error: File `todonotes.sty' not found.
    
    Type X to quit or <RETURN> to proceed,
    or enter new name. (Default extension: sty)
    
    ! Emergency stop.
    <read *>
    
    l.11 \usepackage
     {booktabs}^^M
    ! ==> Fatal error occurred, no output PDF file produced!
    Calls: buildVignettes -> texi2pdf -> texi2dvi
    Execution halted
Flavor: r-oldrel-osx-x86_64