Last updated on 2019-04-22 01:47:58 CEST.
Flavor | Version | Tinstall | Tcheck | Ttotal | Status | Flags |
---|---|---|---|---|---|---|
r-devel-linux-x86_64-debian-clang | 0.1.0 | 9.36 | 74.18 | 83.54 | OK | |
r-devel-linux-x86_64-debian-gcc | 0.1.0 | 7.74 | 56.78 | 64.52 | OK | |
r-devel-linux-x86_64-fedora-clang | 0.1.0 | 102.22 | NOTE | |||
r-devel-linux-x86_64-fedora-gcc | 0.1.0 | 93.52 | NOTE | |||
r-devel-windows-ix86+x86_64 | 0.1.0 | 33.00 | 89.00 | 122.00 | OK | |
r-patched-linux-x86_64 | 0.1.0 | 9.05 | 72.60 | 81.65 | OK | |
r-patched-solaris-x86 | 0.1.0 | 148.90 | NOTE | |||
r-release-linux-x86_64 | 0.1.0 | 6.36 | 69.99 | 76.35 | OK | |
r-release-windows-ix86+x86_64 | 0.1.0 | 16.00 | 92.00 | 108.00 | OK | |
r-release-osx-x86_64 | 0.1.0 | NOTE | ||||
r-oldrel-windows-ix86+x86_64 | 0.1.0 | 25.00 | 138.00 | 163.00 | OK | |
r-oldrel-osx-x86_64 | 0.1.0 | NOTE |
Version: 0.1.0
Check: dependencies in R code
Result: NOTE
Namespaces in Imports field not imported from:
‘RColorBrewer’ ‘htmlwidgets’ ‘jsonlite’ ‘viridis’
All declared Imports should be used.
Flavors: r-devel-linux-x86_64-fedora-clang, r-devel-linux-x86_64-fedora-gcc, r-patched-solaris-x86, r-release-osx-x86_64, r-oldrel-osx-x86_64